{"id":4077,"date":"2019-07-15T09:19:04","date_gmt":"2019-07-15T09:19:04","guid":{"rendered":"http:\/\/www.cazorla.es\/bluescazorla06\/?page_id=4077"},"modified":"2019-07-15T10:08:17","modified_gmt":"2019-07-15T10:08:17","slug":"bluescazorla-festival-2019-2","status":"publish","type":"page","link":"https:\/\/www.cazorla.es\/bluescazorla06\/bluescazorla-festival-2019-2\/","title":{"rendered":"BluesCazorla Festival 2019"},"content":{"rendered":"<p>[et_pb_section bb_built=\u00bb1&#8243; next_background_color=\u00bb#000000&#8243;][et_pb_row][et_pb_column type=\u00bb4_4&#8243;][et_pb_post_title _builder_version=\u00bb3.2.2&#8243; meta=\u00bboff\u00bb featured_image=\u00bboff\u00bb text_orientation=\u00bbcenter\u00bb \/][\/et_pb_column][\/et_pb_row][\/et_pb_section][et_pb_section bb_built=\u00bb1&#8243; fullwidth=\u00bboff\u00bb specialty=\u00bbon\u00bb prev_background_color=\u00bb#000000&#8243; _builder_version=\u00bb3.2.2&#8243; next_background_color=\u00bb#000000&#8243;][et_pb_column type=\u00bb1_2&#8243;][et_pb_image _builder_version=\u00bb3.2.2&#8243; src=\u00bbhttps:\/\/www.cazorla.es\/bluescazorla06\/wp-content\/uploads\/2019\/07\/Cartel2019.jpg\u00bb align=\u00bbcenter\u00bb max_width=\u00bb90%\u00bb \/][et_pb_blurb _builder_version=\u00bb3.2.2&#8243; title=\u00bbChicago Plays The Stones\u00bb image=\u00bbhttps:\/\/www.cazorla.es\/bluescazorla06\/wp-content\/uploads\/2019\/07\/Chicago-3_fin.jpg\u00bb text_orientation=\u00bbcenter\u00bb header_level=\u00bbh6&#8243; header_text_color=\u00bb#000000&#8243; body_font=\u00bb||on||||||\u00bb \/][et_pb_blurb _builder_version=\u00bb3.2.2&#8243; title=\u00bbMaceo Parker\u00bb image=\u00bbhttps:\/\/www.cazorla.es\/bluescazorla06\/wp-content\/uploads\/2019\/07\/Maceo-Parker2.jpg\u00bb text_orientation=\u00bbcenter\u00bb header_level=\u00bbh6&#8243; header_text_color=\u00bb#000000&#8243; body_font=\u00bb||on||||||\u00bb \/][et_pb_blurb _builder_version=\u00bb3.2.2&#8243; title=\u00bbJohn Primer\u00bb image=\u00bbhttps:\/\/www.cazorla.es\/bluescazorla06\/wp-content\/uploads\/2019\/07\/John-Primer.jpg\u00bb text_orientation=\u00bbcenter\u00bb header_level=\u00bbh6&#8243; header_text_color=\u00bb#000000&#8243; body_font=\u00bb||on||||||\u00bb \/][et_pb_blurb _builder_version=\u00bb3.2.2&#8243; title=\u00bbBette Smith\u00bb image=\u00bbhttps:\/\/www.cazorla.es\/bluescazorla06\/wp-content\/uploads\/2019\/07\/Bette-Smith.jpg\u00bb text_orientation=\u00bbcenter\u00bb header_level=\u00bbh6&#8243; header_text_color=\u00bb#000000&#8243; body_font=\u00bb||on||||||\u00bb \/][et_pb_blurb _builder_version=\u00bb3.2.2&#8243; title=\u00bbCorey Harris\u00bb image=\u00bbhttps:\/\/www.cazorla.es\/bluescazorla06\/wp-content\/uploads\/2019\/07\/Corey-Harris.jpg\u00bb text_orientation=\u00bbcenter\u00bb header_level=\u00bbh6&#8243; header_text_color=\u00bb#000000&#8243; body_font=\u00bb||on||||||\u00bb image_max_width=\u00bb70%\u00bb \/][\/et_pb_column][et_pb_column type=\u00bb1_2&#8243; specialty_columns=\u00bb2&#8243;][et_pb_row_inner admin_label=\u00bbFila\u00bb][et_pb_column_inner type=\u00bb4_4&#8243; saved_specialty_column_type=\u00bb1_2&#8243;][et_pb_testimonial _builder_version=\u00bb3.2.2&#8243; quote_icon_background_color=\u00bb#f5f5f5&#8243;]<\/p>\n<h1><strong>BluesCazorla; 25 a\u00f1os y tan fresco<br \/>\n<\/strong><\/h1>\n<p>Rozando las cinco de la madrugada del Domingo, finaliz\u00f3 la <strong>XXV<\/strong> edici\u00f3n del <strong>BluesCazorla<\/strong> <strong>Festival<\/strong> tras 72 intens\u00edsimas horas.<\/p>\n<p>Atr\u00e1s quedaron una treintena de conciertos dentro del programa oficial y alguna que otra propuesta outsider, como la de la emergente banda local Los Tragos, que dio un conciertazo en un establecimiento local. Tres d\u00edas en los que, a primera vista, se han vuelto a rebasar las expectativas en cuanto a la llegada de visitantes a Cazorla con motivo de este evento.<\/p>\n<p>El festival comenz\u00f3 el Jueves noche en el Escenario Cruzcampo \u2013 Plaza de Toros-, con lleno completo, y actuaciones de iconos del Blues nacionales e internacionales como el mism\u00edsimo <strong>Maceo Parker<\/strong> o <strong>Caledonia Blues Band<\/strong> entre otras bandas.<\/p>\n<p>Durante el Viernes, no hab\u00eda m\u00e1s que intentar penetrar en el meollo humano de la Plaza Vieja \u2013Escenario Agua Sierra de Cazorla\u2013 a la hora del almuerzo para darse cuenta de que era imposible que cupiera una persona m\u00e1s. Luego, durante la tarde-noche, m\u00e1s de lo mismo en el Auditorio del Parque \u2013Escenario Ja\u00e9n en Julio\u2013, cuya limitada capacidad provocaba gruesas y largas colas en el exterior, compuestas por fans deseosos de que el tr\u00e1nsito hacia el exterior fuera lo m\u00e1s fluido posible<\/p>\n<p>Las colas antes descritas para entrar al escenario de la tarde-noche \u2013lugar donde dio comienzo esta historia que ya dura un cuarto de siglo\u2013, eran l\u00f3gicas a juzgar por la calidad de las propuestas.<\/p>\n<p>Entre ellas, destacaba la presencia de <strong>Jos\u00e9 Antonio Garc\u00eda<\/strong>, el popular vocalista de 091. El p\u00fablico disfrut\u00f3 tanto de los nuevos temas de su carrera en solitario como de los conocid\u00edsimos de 091, que impulsaron a esta banda a ser un referente del rock patrio. Antes de Garc\u00eda, toc\u00f3 una banda que tambi\u00e9n dej\u00f3 un gran sabor de boca: &#8216;<strong>Casino<\/strong>&#8216;. Con su tema &#8216;San Jos\u00e9&#8217; bajaron y se mezclaron entre el p\u00fablico en agradecimiento a la intensidad con que este sigui\u00f3 el concierto.<\/p>\n<p>Durante la noche, un Hurac\u00e1n llamado<strong> Bette Smith<\/strong> arras\u00f3 el Escenario Cruzcampo, gan\u00e1ndose a la multitud, y tambi\u00e9n gracias a bandas como <strong>Chicago Plays The Stones<\/strong>, catapultaron a los a\u00f1os 70-80 con los mejores temas de The Rolling Stones.<\/p>\n<p>Y lleg\u00f3 la noche del S\u00e1bado en el Escenario Cruzcampo. All\u00ed esperaban un ramillete de viejas glorias del blues internacional, acompa\u00f1adas por varias promesas, emergentes y rutilantes. Entre las primeras, destacaba <strong>Tail Drager<\/strong>, <strong>Sugar Ray &amp; Bluetones<\/strong> y <strong>Corey Harris<\/strong>; y entre las segundas <strong>Will Jacobs<\/strong> y <strong>Marcos Coll<\/strong>.<\/p>\n<p>Estos \u00faltimos cerraron el festival con su blues fresco pero enraizado. Coll ha dejado en Cazorla su simp\u00e1tica impronta con las master class que han disfrutado peque\u00f1os y mayores, pero sobre todo por su maestr\u00eda con la arm\u00f3nica. A su lado en el Escenario Cruzcampo, Will Jacobs -que en la calle paseaba con el brazo en cabestrillo- no daba muestra alguna de una lesi\u00f3n en el brazo, dando cuenta de un extraordinario concierto guitarra en mano y con una voz que a buen seguro dar\u00e1 que hablar en el futuro.<\/p>\n<p>Entre los veteranos destac\u00f3 <strong>Tail Drager<\/strong>, cuyo rostro ya dejaba claro desde el inicio que el escenario es su territorio.<\/p>\n<p>Entr\u00f3 a \u00e9l ayudado por un bast\u00f3n y con aspecto fr\u00e1gil, debido a su edad, es ya casi octogenario, pero en el instante en el que asi\u00f3 el micr\u00f3fono esa primera impresi\u00f3n se convirti\u00f3 en espejismo. Cantaba con voz profunda mientras, en los tres primeros temas, miraba directamente al objetivo de los fot\u00f3grafos que hab\u00eda en el foso.<\/p>\n<p>Esa mirada penetrante la traslad\u00f3 despu\u00e9s a los espectadores m\u00e1s cercanos al escenario. Sin duda, esos ojos severos y penetrantes impon\u00edan, pero no eran agresivos, m\u00e1s bien se mostraban pac\u00edficos. Como las historias que desgran\u00f3 a trav\u00e9s de las letras de sus canciones.<\/p>\n<p>Puro blues, pura poes\u00eda.<\/p>\n<p>&nbsp;<\/p>\n<p>[\/et_pb_testimonial][et_pb_blurb _builder_version=\u00bb3.2.2&#8243; title=\u00bbJos\u00e9 Antonio Garc\u00eda\u00bb image=\u00bbhttps:\/\/www.cazorla.es\/bluescazorla06\/wp-content\/uploads\/2019\/07\/Nada-Personal_Jose-Antonio-Garc\u00eda_Cantante_091_El-Club-del-Escenario.jpg\u00bb text_orientation=\u00bbcenter\u00bb header_level=\u00bbh6&#8243; header_text_color=\u00bb#000000&#8243; body_font=\u00bb||on||||||\u00bb image_max_width=\u00bb88%\u00bb \/][et_pb_blurb _builder_version=\u00bb3.2.2&#8243; title=\u00bbEric Bibb\u00bb image=\u00bbhttps:\/\/www.cazorla.es\/bluescazorla06\/wp-content\/uploads\/2019\/07\/Ericc-Bib_fin.jpg\u00bb text_orientation=\u00bbcenter\u00bb header_level=\u00bbh6&#8243; header_text_color=\u00bb#000000&#8243; body_font=\u00bb||on||||||\u00bb image_max_width=\u00bb70%\u00bb \/][et_pb_blurb _builder_version=\u00bb3.2.2&#8243; title=\u00bbMelvin Taylor\u00bb image=\u00bbhttps:\/\/www.cazorla.es\/bluescazorla06\/wp-content\/uploads\/2019\/07\/Melbin.jpg\u00bb text_orientation=\u00bbcenter\u00bb header_level=\u00bbh6&#8243; header_text_color=\u00bb#000000&#8243; body_font=\u00bb||on||||||\u00bb image_max_width=\u00bb95%\u00bb \/][\/et_pb_column_inner][\/et_pb_row_inner][et_pb_row_inner admin_label=\u00bbFila\u00bb][et_pb_column_inner type=\u00bb4_4&#8243; saved_specialty_column_type=\u00bb1_2&#8243;][\/et_pb_column_inner][\/et_pb_row_inner][\/et_pb_column][\/et_pb_section][et_pb_section bb_built=\u00bb1&#8243; fullwidth=\u00bbon\u00bb specialty=\u00bboff\u00bb prev_background_color=\u00bb#000000&#8243; next_background_color=\u00bb#000000&#8243;][et_pb_fullwidth_slider _builder_version=\u00bb3.2.2&#8243; saved_tabs=\u00bball\u00bb][et_pb_slide _builder_version=\u00bb3.2.2&#8243; button_link=\u00bbhttps:\/\/www.ticketmaster.es\/event\/bluescazorla-festival-entradas\/15663?eventId=15663&amp;track=DiscoveryAPI&amp;camefrom=GLS%7CRiff+Producciones&amp;brand=base_mb_es\u00bb heading=\u00bbNO TE QUEDES SIN TU ABONO \u00bb button_text=\u00bbCOMPRAR ENTRADAS\u00bb background_color=\u00bb#aeaea2&#8243; use_background_color_gradient=\u00bboff\u00bb background_color_gradient_start=\u00bb#2b87da\u00bb background_color_gradient_end=\u00bb#29c4a9&#8243; background_color_gradient_type=\u00bblinear\u00bb background_color_gradient_direction=\u00bb180deg\u00bb background_color_gradient_direction_radial=\u00bbcenter\u00bb background_color_gradient_start_position=\u00bb0%\u00bb background_color_gradient_end_position=\u00bb100%\u00bb background_color_gradient_overlays_image=\u00bboff\u00bb parallax=\u00bboff\u00bb parallax_method=\u00bbon\u00bb background_size=\u00bbcover\u00bb background_position=\u00bbcenter\u00bb background_repeat=\u00bbno-repeat\u00bb background_blend=\u00bbnormal\u00bb allow_player_pause=\u00bboff\u00bb background_video_pause_outside_viewport=\u00bbon\u00bb use_bg_overlay=\u00bboff\u00bb use_text_overlay=\u00bboff\u00bb text_border_radius=\u00bb3&#8243; alignment=\u00bbcenter\u00bb child_filter_hue_rotate=\u00bb0deg\u00bb child_filter_saturate=\u00bb100%\u00bb child_filter_brightness=\u00bb100%\u00bb child_filter_contrast=\u00bb100%\u00bb child_filter_invert=\u00bb0%\u00bb child_filter_sepia=\u00bb0%\u00bb child_filter_opacity=\u00bb100%\u00bb child_filter_blur=\u00bb0px\u00bb child_mix_blend_mode=\u00bbnormal\u00bb background_layout=\u00bbdark\u00bb text_shadow_style=\u00bbnone\u00bb header_text_shadow_style=\u00bbnone\u00bb body_text_shadow_style=\u00bbnone\u00bb custom_button=\u00bboff\u00bb button_bg_use_color_gradient=\u00bboff\u00bb button_bg_color_gradient_overlays_image=\u00bboff\u00bb button_use_icon=\u00bbon\u00bb button_on_hover=\u00bbon\u00bb button_text_shadow_style=\u00bbnone\u00bb box_shadow_style_button=\u00bbnone\u00bb text_shadow_horizontal_length=\u00bb0em\u00bb text_shadow_vertical_length=\u00bb0em\u00bb text_shadow_blur_strength=\u00bb0em\u00bb header_text_shadow_horizontal_length=\u00bb0em\u00bb header_text_shadow_vertical_length=\u00bb0em\u00bb header_text_shadow_blur_strength=\u00bb0em\u00bb body_text_shadow_horizontal_length=\u00bb0em\u00bb body_text_shadow_vertical_length=\u00bb0em\u00bb body_text_shadow_blur_strength=\u00bb0em\u00bb button_text_shadow_horizontal_length=\u00bb0em\u00bb button_text_shadow_vertical_length=\u00bb0em\u00bb button_text_shadow_blur_strength=\u00bb0em\u00bb \/][\/et_pb_fullwidth_slider][\/et_pb_section][et_pb_section bb_built=\u00bb1&#8243; fullwidth=\u00bbon\u00bb specialty=\u00bboff\u00bb prev_background_color=\u00bb#000000&#8243;][et_pb_fullwidth_image src=\u00bbhttps:\/\/www.cazorla.es\/bluescazorla06\/wp-content\/uploads\/2019\/06\/Inferior3_2019.png\u00bb _builder_version=\u00bb3.2.2&#8243; saved_tabs=\u00bball\u00bb]<\/p>\n<p>&nbsp;<\/p>\n<p>[\/et_pb_fullwidth_image][\/et_pb_section]<\/p>\n","protected":false},"excerpt":{"rendered":"<p>[et_pb_section bb_built=\u00bb1&#8243; next_background_color=\u00bb#000000&#8243;][et_pb_row][et_pb_column type=\u00bb4_4&#8243;][et_pb_post_title _builder_version=\u00bb3.2.2&#8243; meta=\u00bboff\u00bb featured_image=\u00bboff\u00bb text_orientation=\u00bbcenter\u00bb \/][\/et_pb_column][\/et_pb_row][\/et_pb_section][et_pb_section bb_built=\u00bb1&#8243; fullwidth=\u00bboff\u00bb specialty=\u00bbon\u00bb prev_background_color=\u00bb#000000&#8243; _builder_version=\u00bb3.2.2&#8243; next_background_color=\u00bb#000000&#8243;][et_pb_column type=\u00bb1_2&#8243;][et_pb_image _builder_version=\u00bb3.2.2&#8243; src=\u00bbhttps:\/\/www.cazorla.es\/bluescazorla06\/wp-content\/uploads\/2019\/07\/Cartel2019.jpg\u00bb align=\u00bbcenter\u00bb max_width=\u00bb90%\u00bb \/][et_pb_blurb _builder_version=\u00bb3.2.2&#8243; title=\u00bbChicago Plays The Stones\u00bb image=\u00bbhttps:\/\/www.cazorla.es\/bluescazorla06\/wp-content\/uploads\/2019\/07\/Chicago-3_fin.jpg\u00bb text_orientation=\u00bbcenter\u00bb header_level=\u00bbh6&#8243; header_text_color=\u00bb#000000&#8243; body_font=\u00bb||on||||||\u00bb \/][et_pb_blurb _builder_version=\u00bb3.2.2&#8243; title=\u00bbMaceo Parker\u00bb image=\u00bbhttps:\/\/www.cazorla.es\/bluescazorla06\/wp-content\/uploads\/2019\/07\/Maceo-Parker2.jpg\u00bb text_orientation=\u00bbcenter\u00bb header_level=\u00bbh6&#8243; header_text_color=\u00bb#000000&#8243; body_font=\u00bb||on||||||\u00bb \/][et_pb_blurb _builder_version=\u00bb3.2.2&#8243; title=\u00bbJohn Primer\u00bb image=\u00bbhttps:\/\/www.cazorla.es\/bluescazorla06\/wp-content\/uploads\/2019\/07\/John-Primer.jpg\u00bb text_orientation=\u00bbcenter\u00bb header_level=\u00bbh6&#8243; header_text_color=\u00bb#000000&#8243; body_font=\u00bb||on||||||\u00bb \/][et_pb_blurb _builder_version=\u00bb3.2.2&#8243; title=\u00bbBette Smith\u00bb image=\u00bbhttps:\/\/www.cazorla.es\/bluescazorla06\/wp-content\/uploads\/2019\/07\/Bette-Smith.jpg\u00bb text_orientation=\u00bbcenter\u00bb [&hellip;]<\/p>\n","protected":false},"author":2,"featured_media":0,"parent":0,"menu_order":0,"comment_status":"closed","ping_status":"closed","template":"","meta":{"_et_pb_use_builder":"on","_et_pb_old_content":"","_et_gb_content_width":"","footnotes":""},"_links":{"self":[{"href":"https:\/\/www.cazorla.es\/bluescazorla06\/wp-json\/wp\/v2\/pages\/4077"}],"collection":[{"href":"https:\/\/www.cazorla.es\/bluescazorla06\/wp-json\/wp\/v2\/pages"}],"about":[{"href":"https:\/\/www.cazorla.es\/bluescazorla06\/wp-json\/wp\/v2\/types\/page"}],"author":[{"embeddable":true,"href":"https:\/\/www.cazorla.es\/bluescazorla06\/wp-json\/wp\/v2\/users\/2"}],"replies":[{"embeddable":true,"href":"https:\/\/www.cazorla.es\/bluescazorla06\/wp-json\/wp\/v2\/comments?post=4077"}],"version-history":[{"count":14,"href":"https:\/\/www.cazorla.es\/bluescazorla06\/wp-json\/wp\/v2\/pages\/4077\/revisions"}],"predecessor-version":[{"id":4100,"href":"https:\/\/www.cazorla.es\/bluescazorla06\/wp-json\/wp\/v2\/pages\/4077\/revisions\/4100"}],"wp:attachment":[{"href":"https:\/\/www.cazorla.es\/bluescazorla06\/wp-json\/wp\/v2\/media?parent=4077"}],"curies":[{"name":"wp","href":"https:\/\/api.w.org\/{rel}","templated":true}]}}