{"id":3787,"date":"2019-07-08T06:43:03","date_gmt":"2019-07-08T06:43:03","guid":{"rendered":"http:\/\/www.cazorla.es\/bluescazorla06\/?page_id=3787"},"modified":"2019-07-11T07:30:54","modified_gmt":"2019-07-11T07:30:54","slug":"bluescazorla-festival-2014","status":"publish","type":"page","link":"https:\/\/www.cazorla.es\/bluescazorla06\/bluescazorla-festival-2014\/","title":{"rendered":"BluesCazorla Festival 2014"},"content":{"rendered":"<p>[et_pb_section bb_built=\u00bb1&#8243; next_background_color=\u00bb#000000&#8243;][et_pb_row][et_pb_column type=\u00bb4_4&#8243;][et_pb_post_title _builder_version=\u00bb3.2.2&#8243; meta=\u00bboff\u00bb featured_image=\u00bboff\u00bb text_orientation=\u00bbcenter\u00bb \/][\/et_pb_column][\/et_pb_row][\/et_pb_section][et_pb_section bb_built=\u00bb1&#8243; fullwidth=\u00bboff\u00bb specialty=\u00bbon\u00bb prev_background_color=\u00bb#000000&#8243; _builder_version=\u00bb3.2.2&#8243; next_background_color=\u00bb#000000&#8243;][et_pb_column type=\u00bb1_2&#8243;][et_pb_image _builder_version=\u00bb3.2.2&#8243; src=\u00bbhttps:\/\/cazorla.es\/wp-content\/uploads\/2015\/06\/2014.jpg\u00bb align=\u00bbcenter\u00bb \/][et_pb_blurb _builder_version=\u00bb3.2.2&#8243; title=\u00bbBilly Branch\u00bb image=\u00bbhttps:\/\/cazorla.es\/wp-content\/uploads\/2015\/06\/descarga7.jpg\u00bb text_orientation=\u00bbcenter\u00bb header_level=\u00bbh6&#8243; header_text_color=\u00bb#000000&#8243; body_font=\u00bb||on||||||\u00bb \/][et_pb_blurb _builder_version=\u00bb3.2.2&#8243; title=\u00bbLurrie Bell\u00bb image=\u00bbhttps:\/\/cazorla.es\/wp-content\/uploads\/2015\/06\/descarga-14.jpg\u00bb text_orientation=\u00bbcenter\u00bb header_level=\u00bbh6&#8243; header_text_color=\u00bb#000000&#8243; body_font=\u00bb||on||||||\u00bb \/][et_pb_blurb _builder_version=\u00bb3.2.2&#8243; title=\u00bbBettye Lavette\u00bb image=\u00bbhttps:\/\/cazorla.es\/wp-content\/uploads\/2015\/06\/descarga-41.jpg\u00bb text_orientation=\u00bbcenter\u00bb header_level=\u00bbh6&#8243; header_text_color=\u00bb#000000&#8243; body_font=\u00bb||on||||||\u00bb \/][et_pb_blurb _builder_version=\u00bb3.2.2&#8243; title=\u00bbBilly Boy Arnold\u00bb image=\u00bbhttps:\/\/cazorla.es\/wp-content\/uploads\/2015\/06\/billy_boy_arnold.jpg\u00bb text_orientation=\u00bbcenter\u00bb header_level=\u00bbh6&#8243; header_text_color=\u00bb#000000&#8243; body_font=\u00bb||on||||||\u00bb image_max_width=\u00bb81%\u00bb \/][et_pb_blurb _builder_version=\u00bb3.2.2&#8243; title=\u00bbJohn Primer\u00bb image=\u00bbhttps:\/\/cazorla.es\/wp-content\/uploads\/2015\/06\/descarga-22.jpg\u00bb text_orientation=\u00bbcenter\u00bb header_level=\u00bbh6&#8243; header_text_color=\u00bb#000000&#8243; body_font=\u00bb||on||||||\u00bb \/][et_pb_blurb _builder_version=\u00bb3.2.2&#8243; title=\u00bbAndres Calamaro\u00bb image=\u00bbhttps:\/\/cazorla.es\/wp-content\/uploads\/2015\/06\/descarga-32.jpg\u00bb text_orientation=\u00bbcenter\u00bb header_level=\u00bbh6&#8243; header_text_color=\u00bb#000000&#8243; body_font=\u00bb||on||||||\u00bb \/][et_pb_blurb _builder_version=\u00bb3.2.2&#8243; title=\u00bbAlvon Johnson\u00bb image=\u00bbhttps:\/\/cazorla.es\/wp-content\/uploads\/2015\/06\/descarga-51.jpg\u00bb text_orientation=\u00bbcenter\u00bb header_level=\u00bbh6&#8243; header_text_color=\u00bb#000000&#8243; body_font=\u00bb||on||||||\u00bb \/][et_pb_blurb _builder_version=\u00bb3.2.2&#8243; title=\u00bbIan Siegal\u00bb image=\u00bbhttps:\/\/cazorla.es\/wp-content\/uploads\/2015\/06\/descarga-6.jpg\u00bb text_orientation=\u00bbcenter\u00bb header_level=\u00bbh6&#8243; header_text_color=\u00bb#000000&#8243; body_font=\u00bb||on||||||\u00bb \/][\/et_pb_column][et_pb_column type=\u00bb1_2&#8243; specialty_columns=\u00bb2&#8243;][et_pb_row_inner admin_label=\u00bbFila\u00bb][et_pb_column_inner type=\u00bb4_4&#8243; saved_specialty_column_type=\u00bb1_2&#8243;][et_pb_testimonial _builder_version=\u00bb3.2.2&#8243; quote_icon_background_color=\u00bb#f5f5f5&#8243;]<\/p>\n<h1><strong>BluesCazorla cumple su XX Aniversario<\/strong><\/h1>\n<p><strong><em> Veinte a\u00f1os de historia y el reconocimiento de la \u2018Blues Foundation\u2019 como \u2018Mejor Festival Internacional de Blues\u2019.<\/em><\/strong><\/p>\n<p>As\u00ed, celebraba el festival su veinte cumplea\u00f1os en el que unos meses antes recib\u00eda en Tennesse, la ciudad del blues, el mayor reconocimiento que puede recibir un festival. Estos prestigiosos premios, \u2018Keeping the Blues Alive\u2019 fueron entregados en una ceremonia que tuvo lugar el 24 de enero.<\/p>\n<p>La Blues Foundation asegur\u00f3 que estos galardones que entrega de forma anual pretenden reconocer a las personas y organizaciones de todo el mundo que han realizado contribuciones significativas en este estilo musical. Este premio tiene a\u00fan m\u00e1s m\u00e9rito si se tiene en cuenta que, entre la lista de 20 premiados, s\u00f3lo hay cuatro galardones que han ido a parar fuera de Estados Unidos, un pa\u00eds donde el blues es una m\u00fasica que tiene una enorme importancia.<\/p>\n<p>La Blues Foundation es una organizaci\u00f3n sin \u00e1nimo de lucro, con sede central en Memplhis, y cuenta con afiliaciones en m\u00e1s de 135 organizaciones y miembros en m\u00e1s de una veintena de pa\u00edses.<\/p>\n<p>Para hacernos una idea de la importancia de este festival, en esta edici\u00f3n, m\u00e1s de 15.000 personas pasaron por Blues Cazorla, lo que contribuy\u00f3 a llenar todas las plazas hoteleras de la zona y dej\u00f3 un importante beneficio para el sector hostelero. Adem\u00e1s, los conciertos que se graban durante el evento son emitidos por Televisi\u00f3n Espa\u00f1ola en los meses posteriores, lo que supone una importante promoci\u00f3n.<\/p>\n<p>Y de esta manera, Cazorleans acog\u00eda a los artistas Billy Boy Arnold, Lurrie Bell, Bettye Lavette, John Primer, Billy Branch, Nikki Hill, Ian Siegal, Alvon Johnson, Coco Montoya o Andr\u00e9s Calamaro, entre otros.<\/p>\n<p>Batiendo records de p\u00fablico y con una alegr\u00eda inmensa empezaron a sonar los primeros trastes de las guitarras en el escenario del Audit\u00f3rium del Cristo el mi\u00e9rcoles d\u00eda 24, para recordar aquellos artistas y bandas que pasaron durante los primeros a\u00f1os por nuestro festival con motivo del veinte cumplea\u00f1os.<\/p>\n<p>As\u00ed,<strong> Graham Foster, Mingo &amp; The Blues Intruders y La Blues Band de Granada<\/strong> hicieron recordar aquella \u00e9poca en la que el blues se adentraba en Cazorla, en un festival m\u00e1s humilde pero con un toque muy especial.<\/p>\n<p><strong>Coco Montoya<\/strong>, abr\u00eda la noche del jueves blusero en la Plaza de Toros, gracias a su buen conocimiento del blues, recordando a BB King y el blues de Chicago sin dejar atr\u00e1s el blues de Texas en el que dej\u00f3 con muy buen sabor de boca al p\u00fablico.<\/p>\n<p><strong>Andr\u00e9s Calamaro<\/strong>, mostr\u00f3 su versi\u00f3n m\u00e1s blusera y dio el toque nacional que se viene dando desde hace unos a\u00f1os. Calamaro, dej\u00f3 su mejor versi\u00f3n ante un p\u00fablico entregado con sus canciones.<\/p>\n<p>Cerr\u00f3 la noche <strong>Nikki Hil<\/strong>l, que present\u00f3 a los espectadores del Bluescazorla su primer trabajo. Es una de esas voces que nunca pasan de moda y que siempre se recibe con una sonrisa. Su banda es una de las responsables de ello, con la que consigue la mezcla perfecta del buen directo: calidad musical y buen rollo en el escenario.<\/p>\n<p>La plaza de Santa Mar\u00eda iluminaba en todo su esplendor el escenario para dar comienzo la jornada del viernes. Se presentaba como un privilegio escuchar el blues de<strong> Little G. Weevil<\/strong>, un joven valor emergente que dar\u00e1 mucho que hablar. Este artista afincado en Am\u00e9rica pero con ra\u00edces h\u00fangaras ha conseguido el reconocimiento en 2013 el International Blues Challenge de la Blues Foundation.<\/p>\n<p>Las ra\u00edces de Chicago no pueden faltar en esta plaza y as\u00ed fue durante la actuaci\u00f3n del gran <strong>Lurrie Bell<\/strong> acompa\u00f1ado del incombustible <strong>Antonio Serrano<\/strong> en un d\u00fao de guitarras y voces que arranc\u00f3 los aplausos del p\u00fablico.<\/p>\n<p>Un cl\u00e1sico grupo que ha visitado Cazorla desde sus inicios, cerr\u00f3 el viernes ma\u00f1anero. <strong>Fede Aguado<\/strong> y su banda se dejaron la piel en el escenario con sus mejores temas y su gran esp\u00edritu, los espectadores no pudieron resistirse a corear sus grandes canciones como \u2018Dicen que no tengo feeling\u2019 o \u2018El blues de la crisis\u2019.<\/p>\n<p>La tarde en el Audit\u00f3rium del Cristo comenz\u00f3 con la actuaci\u00f3n de <strong>Zequi<\/strong> y su banda mientras empezaban a llegar los primeros bluseros en un concierto agradable e ideal para ir abriendo boca. Seguidamente, el grupo<strong> \u2018Los Labios\u2019<\/strong> empez\u00f3 a dar ca\u00f1a con su m\u00fasica y arrancando los aplausos del p\u00fablico que empezaba a notar como la tarde de calor iba disminuyendo.<strong> Los Deltonos<\/strong> cerraron la tarde blusera con Hendrick Rover como guitarrista y mostrando sus mejores dotes musicales hasta que cay\u00f3 la tarde.<\/p>\n<p>La noche del viernes comenz\u00f3 con la actuaci\u00f3n de<strong> Alvon Johnson<\/strong> y <strong>Pedro Andrea<\/strong>. Alvon Johnson, un bluesman de los pies a la cabeza con su voz profunda y su excelente destreza con la guitarra anim\u00f3 de una manera especial al p\u00fablico atrevi\u00e9ndose incluso con canciones como \u2018B\u00e9same Mucho\u2019 y algunos cl\u00e1sicos.<\/p>\n<p>En honor a la tradici\u00f3n y a la debilidad de BluesCazorla por el blues de Chicago. El viernes ten\u00eda lugar<strong> \u2018Chicago Blues, A Living History\u2019<\/strong> de la mano de cinco de los grandes como <strong>Billy Branch, Billy Boy Arnold, Lurrie Bell, John Primer y Alvon Johnson<\/strong>, acompa\u00f1ados de Kenny Smith a la bater\u00eda, Carlos Johnson al bajo y Billy Flynn a la guitarra. Ellos nos dejaron un concierto que se qued\u00f3 grabado en las retinas del p\u00fablico.<\/p>\n<p>La noche estaba siendo inmejorable, y lo sigui\u00f3 siendo tras la entrada de<strong> Ian Siegal<\/strong>, intenso y entregado en el escenario dej\u00f3 un conciertazo innovador, mezclando estilos y animando al p\u00fablico.<\/p>\n<p>Por \u00faltimo, la banda nacional mostr\u00f3 su destreza en el escenario, un escenario que pisaba por primera vez y en el que demostraron porque eran merecedores de estarlo. Un concierto vivo y con mucho ritmo para cerrar la noche del viernes.<\/p>\n<p>Cuando la gente empezaba a abrir los ojos del intenso viernes, ya empezaban a sonar los primeros sonidos en la plaza de Santa Mar\u00eda con el grupo local <strong>\u2018Cazorleans Blues Band\u2019<\/strong>. Le sigui\u00f3 el incombustible<strong> Ian Siegal<\/strong> igualando el concierto de la noche anterior y dej\u00e1ndose notar por el p\u00fablico que se iba acercando a la plaza.<\/p>\n<p>En torno a las dos de la tarde, empez\u00f3 a sonar el blues de<strong> \u2018Suitcase Brothers\u2019<\/strong>, formado por los hermanos Santos y V\u00edctor. Con su talento a la voz y a la arm\u00f3nica demostraron porque su m\u00fasica est\u00e1 calando a nivel internacional.<\/p>\n<p>Cerr\u00f3 la ma\u00f1ana un cl\u00e1sico ya en Cazorleans. <strong>Predicador Ram\u00edrez<\/strong>. Dio su mejor blues y su mejor estilo en un concierto muy vivo y que levant\u00f3 al p\u00fablico.<\/p>\n<p>El calor segu\u00eda apretando durante la tarde mientras comenzaba el primer concierto del escenario del Audit\u00f3rium. Los creadores del himno de BluesCazorla, \u2018Cazorleans\u2019. Los grandes<strong> Txus Blues y Jos\u00e9 Bluesfingers<\/strong>. Todo el mundo acudi\u00f3 para ver su concierto en ac\u00fastico y corear sus canciones. Les sigui\u00f3 el grupo<strong> Mr Groovy &amp; The Blues Heads<\/strong> con su blues el\u00e9ctrico y su toque rockero abr\u00edan boca para el m\u00e1s esperado de la tarde, Ariel Rot. El m\u00fasico hico llenar el escenario del Cristo como no se recordaba, haciendo a la gente bailar y cantar hasta bien entrada la tarde.<\/p>\n<p>La noche del s\u00e1bado se esperaba especial. Y no pod\u00eda ser de otro modo con los artistas que iban a pisar el escenario cazorle\u00f1o. El gran <strong>Billy Boy Arnold<\/strong>, un grande del blues arranc\u00f3 su concierto con sus canciones y sus influencias con Sonny Boy Wiliamson. Un blues elegante que qued\u00f3 para el recuerdo.<\/p>\n<p>La diva. <strong>Bettye Lavette<\/strong>, se subi\u00f3 al escenario y realiz\u00f3 un concierto elegante y con mucho ritmo. Su gran calidad vocal le permite arrancarse por blues, soul o rhythm &amp; blues y as\u00ed lo hizo en la noche cazorle\u00f1a.<\/p>\n<p><strong>The Travelling Brothers<\/strong> volvieron a Cazorla y lo hicieron con m\u00e1s energ\u00eda que nunca. Los vascos emprenden un nuevo viaje musical que les lleva desde Chicago hasta New Orleans, pasando por Nashville, Memphis y otro sinf\u00edn de ciudades y sonidos. Un viaje a trav\u00e9s de toda la m\u00fasica de ra\u00edz afroamericana, un viaje en el tiempo entre d\u00e9cadas.<\/p>\n<p>Cerr\u00f3 <strong>Eric Sardinas<\/strong>. Con el concierto m\u00e1s el\u00e9ctrico de esta edici\u00f3n, dejando at\u00f3nitos al p\u00fablico asistente en un concierto con mucha intensidad.<\/p>\n<p>[\/et_pb_testimonial][\/et_pb_column_inner][\/et_pb_row_inner][et_pb_row_inner admin_label=\u00bbFila\u00bb][et_pb_column_inner type=\u00bb4_4&#8243; saved_specialty_column_type=\u00bb1_2&#8243;][et_pb_blurb _builder_version=\u00bb3.2.2&#8243; title=\u00bbNikki Hill\u00bb image=\u00bbhttps:\/\/cazorla.es\/wp-content\/uploads\/2015\/06\/descarga-7.jpg\u00bb text_orientation=\u00bbcenter\u00bb header_level=\u00bbh6&#8243; header_text_color=\u00bb#000000&#8243; body_font=\u00bb||on||||||\u00bb \/][\/et_pb_column_inner][\/et_pb_row_inner][\/et_pb_column][\/et_pb_section][et_pb_section bb_built=\u00bb1&#8243; fullwidth=\u00bbon\u00bb specialty=\u00bboff\u00bb prev_background_color=\u00bb#000000&#8243; next_background_color=\u00bb#000000&#8243;][et_pb_fullwidth_slider _builder_version=\u00bb3.2.2&#8243; saved_tabs=\u00bball\u00bb][et_pb_slide _builder_version=\u00bb3.2.2&#8243; button_link=\u00bbhttps:\/\/www.ticketmaster.es\/event\/bluescazorla-festival-entradas\/15663?eventId=15663&amp;track=DiscoveryAPI&amp;camefrom=GLS%7CRiff+Producciones&amp;brand=base_mb_es\u00bb heading=\u00bbNO TE QUEDES SIN TU ABONO \u00bb button_text=\u00bbCOMPRAR ENTRADAS\u00bb background_color=\u00bb#aeaea2&#8243; use_background_color_gradient=\u00bboff\u00bb background_color_gradient_start=\u00bb#2b87da\u00bb background_color_gradient_end=\u00bb#29c4a9&#8243; background_color_gradient_type=\u00bblinear\u00bb background_color_gradient_direction=\u00bb180deg\u00bb background_color_gradient_direction_radial=\u00bbcenter\u00bb background_color_gradient_start_position=\u00bb0%\u00bb background_color_gradient_end_position=\u00bb100%\u00bb background_color_gradient_overlays_image=\u00bboff\u00bb parallax=\u00bboff\u00bb parallax_method=\u00bbon\u00bb background_size=\u00bbcover\u00bb background_position=\u00bbcenter\u00bb background_repeat=\u00bbno-repeat\u00bb background_blend=\u00bbnormal\u00bb allow_player_pause=\u00bboff\u00bb background_video_pause_outside_viewport=\u00bbon\u00bb use_bg_overlay=\u00bboff\u00bb use_text_overlay=\u00bboff\u00bb text_border_radius=\u00bb3&#8243; alignment=\u00bbcenter\u00bb child_filter_hue_rotate=\u00bb0deg\u00bb child_filter_saturate=\u00bb100%\u00bb child_filter_brightness=\u00bb100%\u00bb child_filter_contrast=\u00bb100%\u00bb child_filter_invert=\u00bb0%\u00bb child_filter_sepia=\u00bb0%\u00bb child_filter_opacity=\u00bb100%\u00bb child_filter_blur=\u00bb0px\u00bb child_mix_blend_mode=\u00bbnormal\u00bb background_layout=\u00bbdark\u00bb text_shadow_style=\u00bbnone\u00bb header_text_shadow_style=\u00bbnone\u00bb body_text_shadow_style=\u00bbnone\u00bb custom_button=\u00bboff\u00bb button_bg_use_color_gradient=\u00bboff\u00bb button_bg_color_gradient_overlays_image=\u00bboff\u00bb button_use_icon=\u00bbon\u00bb button_on_hover=\u00bbon\u00bb button_text_shadow_style=\u00bbnone\u00bb box_shadow_style_button=\u00bbnone\u00bb text_shadow_horizontal_length=\u00bb0em\u00bb text_shadow_vertical_length=\u00bb0em\u00bb text_shadow_blur_strength=\u00bb0em\u00bb header_text_shadow_horizontal_length=\u00bb0em\u00bb header_text_shadow_vertical_length=\u00bb0em\u00bb header_text_shadow_blur_strength=\u00bb0em\u00bb body_text_shadow_horizontal_length=\u00bb0em\u00bb body_text_shadow_vertical_length=\u00bb0em\u00bb body_text_shadow_blur_strength=\u00bb0em\u00bb button_text_shadow_horizontal_length=\u00bb0em\u00bb button_text_shadow_vertical_length=\u00bb0em\u00bb button_text_shadow_blur_strength=\u00bb0em\u00bb \/][\/et_pb_fullwidth_slider][\/et_pb_section][et_pb_section bb_built=\u00bb1&#8243; fullwidth=\u00bbon\u00bb specialty=\u00bboff\u00bb prev_background_color=\u00bb#000000&#8243;][et_pb_fullwidth_image src=\u00bbhttps:\/\/www.cazorla.es\/bluescazorla06\/wp-content\/uploads\/2019\/06\/Inferior3_2019.png\u00bb _builder_version=\u00bb3.2.2&#8243; saved_tabs=\u00bball\u00bb]<\/p>\n<p>&nbsp;<\/p>\n<p>[\/et_pb_fullwidth_image][\/et_pb_section]<\/p>\n","protected":false},"excerpt":{"rendered":"<p>[et_pb_section bb_built=\u00bb1&#8243; next_background_color=\u00bb#000000&#8243;][et_pb_row][et_pb_column type=\u00bb4_4&#8243;][et_pb_post_title _builder_version=\u00bb3.2.2&#8243; meta=\u00bboff\u00bb featured_image=\u00bboff\u00bb text_orientation=\u00bbcenter\u00bb \/][\/et_pb_column][\/et_pb_row][\/et_pb_section][et_pb_section bb_built=\u00bb1&#8243; fullwidth=\u00bboff\u00bb specialty=\u00bbon\u00bb prev_background_color=\u00bb#000000&#8243; _builder_version=\u00bb3.2.2&#8243; next_background_color=\u00bb#000000&#8243;][et_pb_column type=\u00bb1_2&#8243;][et_pb_image _builder_version=\u00bb3.2.2&#8243; src=\u00bbhttps:\/\/cazorla.es\/wp-content\/uploads\/2015\/06\/2014.jpg\u00bb align=\u00bbcenter\u00bb \/][et_pb_blurb _builder_version=\u00bb3.2.2&#8243; title=\u00bbBilly Branch\u00bb image=\u00bbhttps:\/\/cazorla.es\/wp-content\/uploads\/2015\/06\/descarga7.jpg\u00bb text_orientation=\u00bbcenter\u00bb header_level=\u00bbh6&#8243; header_text_color=\u00bb#000000&#8243; body_font=\u00bb||on||||||\u00bb \/][et_pb_blurb _builder_version=\u00bb3.2.2&#8243; title=\u00bbLurrie Bell\u00bb image=\u00bbhttps:\/\/cazorla.es\/wp-content\/uploads\/2015\/06\/descarga-14.jpg\u00bb text_orientation=\u00bbcenter\u00bb header_level=\u00bbh6&#8243; header_text_color=\u00bb#000000&#8243; body_font=\u00bb||on||||||\u00bb \/][et_pb_blurb _builder_version=\u00bb3.2.2&#8243; title=\u00bbBettye Lavette\u00bb image=\u00bbhttps:\/\/cazorla.es\/wp-content\/uploads\/2015\/06\/descarga-41.jpg\u00bb text_orientation=\u00bbcenter\u00bb header_level=\u00bbh6&#8243; header_text_color=\u00bb#000000&#8243; body_font=\u00bb||on||||||\u00bb \/][et_pb_blurb _builder_version=\u00bb3.2.2&#8243; title=\u00bbBilly Boy Arnold\u00bb image=\u00bbhttps:\/\/cazorla.es\/wp-content\/uploads\/2015\/06\/billy_boy_arnold.jpg\u00bb text_orientation=\u00bbcenter\u00bb header_level=\u00bbh6&#8243; header_text_color=\u00bb#000000&#8243; [&hellip;]<\/p>\n","protected":false},"author":2,"featured_media":0,"parent":0,"menu_order":0,"comment_status":"closed","ping_status":"closed","template":"","meta":{"_et_pb_use_builder":"on","_et_pb_old_content":"","_et_gb_content_width":"","footnotes":""},"_links":{"self":[{"href":"https:\/\/www.cazorla.es\/bluescazorla06\/wp-json\/wp\/v2\/pages\/3787"}],"collection":[{"href":"https:\/\/www.cazorla.es\/bluescazorla06\/wp-json\/wp\/v2\/pages"}],"about":[{"href":"https:\/\/www.cazorla.es\/bluescazorla06\/wp-json\/wp\/v2\/types\/page"}],"author":[{"embeddable":true,"href":"https:\/\/www.cazorla.es\/bluescazorla06\/wp-json\/wp\/v2\/users\/2"}],"replies":[{"embeddable":true,"href":"https:\/\/www.cazorla.es\/bluescazorla06\/wp-json\/wp\/v2\/comments?post=3787"}],"version-history":[{"count":9,"href":"https:\/\/www.cazorla.es\/bluescazorla06\/wp-json\/wp\/v2\/pages\/3787\/revisions"}],"predecessor-version":[{"id":4042,"href":"https:\/\/www.cazorla.es\/bluescazorla06\/wp-json\/wp\/v2\/pages\/3787\/revisions\/4042"}],"wp:attachment":[{"href":"https:\/\/www.cazorla.es\/bluescazorla06\/wp-json\/wp\/v2\/media?parent=3787"}],"curies":[{"name":"wp","href":"https:\/\/api.w.org\/{rel}","templated":true}]}}