{"id":3781,"date":"2019-07-08T06:40:41","date_gmt":"2019-07-08T06:40:41","guid":{"rendered":"http:\/\/www.cazorla.es\/bluescazorla06\/?page_id=3781"},"modified":"2019-07-11T07:38:44","modified_gmt":"2019-07-11T07:38:44","slug":"bluescazorla-festival-2011","status":"publish","type":"page","link":"https:\/\/www.cazorla.es\/bluescazorla06\/bluescazorla-festival-2011\/","title":{"rendered":"BluesCazorla Festival 2011"},"content":{"rendered":"<p>[et_pb_section bb_built=\u00bb1&#8243; next_background_color=\u00bb#000000&#8243;][et_pb_row][et_pb_column type=\u00bb4_4&#8243;][et_pb_post_title _builder_version=\u00bb3.2.2&#8243; meta=\u00bboff\u00bb featured_image=\u00bboff\u00bb text_orientation=\u00bbcenter\u00bb \/][\/et_pb_column][\/et_pb_row][\/et_pb_section][et_pb_section bb_built=\u00bb1&#8243; fullwidth=\u00bboff\u00bb specialty=\u00bbon\u00bb prev_background_color=\u00bb#000000&#8243; _builder_version=\u00bb3.2.2&#8243; next_background_color=\u00bb#000000&#8243;][et_pb_column type=\u00bb1_2&#8243;][et_pb_image _builder_version=\u00bb3.2.2&#8243; src=\u00bbhttps:\/\/cazorla.es\/wp-content\/uploads\/2015\/06\/2011.jpg\u00bb \/][et_pb_blurb _builder_version=\u00bb3.2.2&#8243; title=\u00bbCharlie Musselwhite\u00bb image=\u00bbhttps:\/\/cazorla.es\/wp-content\/uploads\/2015\/06\/descarga-53.jpg\u00bb text_orientation=\u00bbcenter\u00bb header_level=\u00bbh6&#8243; header_text_color=\u00bb#000000&#8243; body_font=\u00bb||on||||||\u00bb \/][et_pb_blurb _builder_version=\u00bb3.2.2&#8243; title=\u00bbThe Holmes Brothers\u00bb image=\u00bbhttps:\/\/cazorla.es\/wp-content\/uploads\/2015\/06\/descarga11.jpg\u00bb text_orientation=\u00bbcenter\u00bb header_level=\u00bbh6&#8243; header_text_color=\u00bb#000000&#8243; body_font=\u00bb||on||||||\u00bb \/][et_pb_blurb _builder_version=\u00bb3.2.2&#8243; title=\u00bbBobby Rush\u00bb image=\u00bbhttps:\/\/cazorla.es\/wp-content\/uploads\/2015\/06\/descarga-18.jpg\u00bb text_orientation=\u00bbcenter\u00bb header_level=\u00bbh6&#8243; header_text_color=\u00bb#000000&#8243; body_font=\u00bb||on||||||\u00bb \/][et_pb_blurb _builder_version=\u00bb3.2.2&#8243; title=\u00bbSharrie Williams\u00bb image=\u00bbhttps:\/\/cazorla.es\/wp-content\/uploads\/2015\/06\/descarga-26.jpg\u00bb text_orientation=\u00bbcenter\u00bb header_level=\u00bbh6&#8243; header_text_color=\u00bb#000000&#8243; body_font=\u00bb||on||||||\u00bb \/][et_pb_blurb _builder_version=\u00bb3.2.2&#8243; title=\u00bbLil Ed &amp; The Blues Imperials\u00bb image=\u00bbhttps:\/\/cazorla.es\/wp-content\/uploads\/2015\/06\/images3.jpg\u00bb text_orientation=\u00bbcenter\u00bb header_level=\u00bbh6&#8243; header_text_color=\u00bb#000000&#8243; body_font=\u00bb||on||||||\u00bb \/][et_pb_blurb _builder_version=\u00bb3.2.2&#8243; title=\u00bbM-Clan\u00bb image=\u00bbhttps:\/\/cazorla.es\/wp-content\/uploads\/2015\/06\/descarga-37.jpg\u00bb text_orientation=\u00bbcenter\u00bb header_level=\u00bbh6&#8243; header_text_color=\u00bb#000000&#8243; body_font=\u00bb||on||||||\u00bb \/][et_pb_blurb _builder_version=\u00bb3.2.2&#8243; title=\u00bbCandye Kane\u00bb image=\u00bbhttps:\/\/cazorla.es\/wp-content\/uploads\/2015\/06\/descarga-45.jpg\u00bb text_orientation=\u00bbcenter\u00bb header_level=\u00bbh6&#8243; header_text_color=\u00bb#000000&#8243; body_font=\u00bb||on||||||\u00bb \/][\/et_pb_column][et_pb_column type=\u00bb1_2&#8243; specialty_columns=\u00bb2&#8243;][et_pb_row_inner admin_label=\u00bbFila\u00bb][et_pb_column_inner type=\u00bb4_4&#8243; saved_specialty_column_type=\u00bb1_2&#8243;][et_pb_testimonial _builder_version=\u00bb3.2.2&#8243; quote_icon_background_color=\u00bb#f5f5f5&#8243;]<\/p>\n<h1><strong>La arm\u00f3nica de Charlie Musselwhite, la entrega de Bobby Rush y la pasi\u00f3n de \u2018The Holmes Brothers\u2019 hicieron de BluesCazorla un festival de categor\u00eda<\/strong><\/h1>\n<p><strong><em>Sharrie Williams y Lid Ed &amp; The Blues Imperials complementaron una edici\u00f3n de noche fant\u00e1stica.<\/em><\/strong><\/p>\n<p>BluesCazorla se acercaba a la mayor\u00eda de edad y su calidad musical desde el d\u00e9cimo aniversario manten\u00eda su nivel. Esta edici\u00f3n comenz\u00f3 con un toque muy nacional en la noche del jueves con las actuaciones de <strong>Jos\u00e9 Ignacio Lapido, M-Clan y Juli\u00e1n Maeso<\/strong>.<\/p>\n<p><strong>Jos\u00e9 Ignacio Lapido<\/strong>, un conocedor de nuestra tierra y encantado con Cazorla dej\u00f3 sobre el escenario toda su entrega y saber hacer con su m\u00fasica, acerc\u00e1ndose al blues y sin dejar su rock apartado, realiz\u00f3 un concierto de sobresaliente.<\/p>\n<p><strong>M-Clan<\/strong> acerc\u00f3 su m\u00fasica a los bluseros con gran variedad instrumental en el que no faltaron canciones de su \u00faltimo disco como \u2018Sopa Fr\u00eda\u2019 y algunas de sus m\u00edticas canciones como \u2018Llamando a la Tierra\u2019. Un buen concierto que anim\u00f3 y de qu\u00e9 manera al p\u00fablico de la plaza de Toros.<\/p>\n<p>Tras la ca\u00edda del cartel de Nick Curram. Era el turno de <strong>Juli\u00e1n Maeso<\/strong> en el escenario, con toques de su apreciado blues y arranc\u00e1ndose por el estilo folk puso el broche de oro a la noche del jueves m\u00e1s nacional que se recuerda.<\/p>\n<p>El viernes ma\u00f1anero se presentaba muy especial y no era para menos con la presencia del gran <strong>Charlie Musselwhite<\/strong> sobre el escenario. As\u00ed, el mediod\u00eda del viernes arranc\u00f3 <strong>Cathy Claret<\/strong>, fusionando el flamenco con la m\u00fasica brasile\u00f1a o el gypsy sound. Seguidamente, Charlie Musselwhite sub\u00eda al escenario de la plaza de Santa Mar\u00eda, una oportunidad \u00fanica que no desperdiciaron los bluseros. Charlie hizo un concierto que quedar\u00e1 para el recuerdo aunque se reserv\u00f3 cosas especiales para su actuaci\u00f3n del s\u00e1bado noche.<\/p>\n<p>A Charlie le sigue <strong>Virginia Labuat<\/strong>, acompa\u00f1ada al piano de I\u00f1aki Garc\u00eda, ofrece un concierto intimista, donde muestra sus buenas posibilidades vocales en un repertorio que abarca desde el blues cl\u00e1sico al jazz y el swing.<\/p>\n<p><strong>Greg Izo<\/strong>r, miembro de la banda de Anson Funderburgh, nos sumergi\u00f3 en el blues m\u00e1s tejano y nos traslad\u00f3 en un viaje al blues de Chicago como colof\u00f3n al viernes ma\u00f1anero.<\/p>\n<p>El calor azotaba fuerte y empezaba a sonar el escenario del Audit\u00f3rium con la actuaci\u00f3n de <strong>Chicken Congress<\/strong>, un d\u00fao formado por Antonio Trav\u00e9 y Tony Molina que desarroll\u00f3 un blues muy especial. A continuaci\u00f3n, lleg\u00f3 el turno de <strong>Lolo Ortega Tr\u00edo<\/strong> que empez\u00f3 a animar al p\u00fablico con sus temas. Y para cerrar la jornada, <strong>Troy Nahumko<\/strong>, con un concierto excelente.<\/p>\n<p>La jornada de la noche se esperaba con ansia ya que el cartel era ilusionante. La dulce artista <strong>Candye Kane<\/strong> sub\u00eda al escenario con su especialidad, el jazz, temas conmovedores e instrumentales que encantaron al p\u00fablico, despu\u00e9s un rato de su buen blues que dej\u00f3 muy buen sabor de boca.<\/p>\n<p>El artista principal de la noche no se hizo esperar, <strong>Bobby Rush<\/strong> se dej\u00f3 la piel en el escenario. El espect\u00e1culo combin\u00f3 el blues de Chicago con el funk y un constante aluvi\u00f3n de bromas y risas ininterrumpidas. Un showman de los pies a la cabeza que dej\u00f3 un concierto digno de recordar.<\/p>\n<p>Tras reponer fuerzas con el gran concierto de Bobby Rush. Lleg\u00f3 un hurac\u00e1n de la m\u00fasica <strong>Lil\u2019 Ed &amp; The Blues Imperials<\/strong>, una puesta en escena espectacular con mucho color y mucho ritmo y con un viaje por el blues m\u00e1s puro de Chicago al blues m\u00e1s el\u00e9ctrico y una banda entregada con el p\u00fablico, un concierto sorprendente e inesperado.<\/p>\n<p>El colof\u00f3n a la noche lo puso, <strong>Nalle &amp; His Crazy Ivans<\/strong>, un muy buen directo para cerrar la jornada del viernes.<\/p>\n<p>Tocaba darlo todo el s\u00e1bado. Bebida refrescante en mano, la rica gastronom\u00eda de Cazorla y el sonido de <strong>Smiling Jack Smith &amp; David Gwynn<\/strong>. \u00a0Jack y David nos ofrecen un concierto de blues ac\u00fastico con algunas influencias del Piedmont y del folk-blues.<\/p>\n<p>Le sigue <strong>Edu Manazas &amp; Antonio Serrano<\/strong>. Dos de los grandes del blues nacional a d\u00fao, con un directo cercano y con mucho ritmo. Un concierto que hac\u00eda grande la plaza de Santa Mar\u00eda.<\/p>\n<p>Para cerrar la edici\u00f3n de ma\u00f1ana blusera, Predicador Ram\u00edrez &amp; The Hipsters que volv\u00eda a Cazorla por segunda vez, un lugar que le encanta y en el que se deja la piel en el escenario con sus canciones y su buen blues.<\/p>\n<p>Para la tarde, tres buenos conciertos con <strong>Alex Caporuscio Tr\u00edo, Guitar Not Soslim y Ferroblues<\/strong>. Una jornada con mucho ritmo, mucho swing y mucho baile para abrir boca a la noche que se esperaba muy emocionante.<\/p>\n<p>Y as\u00ed lo fue. Con la elegancia de <strong>Sharrie William<\/strong>s en el escenario. Una cantante que transmite un gran sentimiento y que inmediatamente conecta con el p\u00fablico, lo toca todo, g\u00f3spel, blues, soul y rock and b. Con una \u00a0excelente puesta en escena y una voz potente en el escenario, Sharri Williams se suma al elenco de divas del blues que han pasado por Cazorleans.<\/p>\n<p>Se hace dif\u00edcil describir a \u2018<strong>The Holmes Brothers<\/strong>\u2019. Buenos m\u00fasicos y excelentes cantantes, combinan a la perfecci\u00f3n sus voces en el escenario. Aunque su pasi\u00f3n es el g\u00f3spel, mezclan a la perfecci\u00f3n su estilo con el blues y el folk. Mucha pasi\u00f3n en el escenario y una muestra de porque son un grupo de los m\u00e1s grandes.<\/p>\n<p>Faltaban dos conciertos para terminar. Y dos grandes m\u00fasicos. Primero el m\u00e1s esperado de la edici\u00f3n, <strong>Charlie Musselwhite<\/strong>, uno de los mejores armonicistas en activo y un bluesman con historia, sus 29 discos lo avalan y su intensidad en el escenario mueven sensaciones a los espectadores. Un conciertazo.<\/p>\n<p><strong>Virginia Labuat<\/strong> cierra esta edici\u00f3n con su nueva versi\u00f3n blusera y despide hasta el a\u00f1o pr\u00f3ximo a los bluseros que se acercaron por Cazorla para disfrutar de buena m\u00fasica y buen ambiente.<\/p>\n<p>[\/et_pb_testimonial][\/et_pb_column_inner][\/et_pb_row_inner][et_pb_row_inner admin_label=\u00bbFila\u00bb][et_pb_column_inner type=\u00bb4_4&#8243; saved_specialty_column_type=\u00bb1_2&#8243;][\/et_pb_column_inner][\/et_pb_row_inner][\/et_pb_column][\/et_pb_section][et_pb_section bb_built=\u00bb1&#8243; fullwidth=\u00bbon\u00bb specialty=\u00bboff\u00bb prev_background_color=\u00bb#000000&#8243; next_background_color=\u00bb#000000&#8243;][et_pb_fullwidth_slider _builder_version=\u00bb3.2.2&#8243; saved_tabs=\u00bball\u00bb][et_pb_slide _builder_version=\u00bb3.2.2&#8243; button_link=\u00bbhttps:\/\/www.ticketmaster.es\/event\/bluescazorla-festival-entradas\/15663?eventId=15663&amp;track=DiscoveryAPI&amp;camefrom=GLS%7CRiff+Producciones&amp;brand=base_mb_es\u00bb heading=\u00bbNO TE QUEDES SIN TU ABONO \u00bb button_text=\u00bbCOMPRAR ENTRADAS\u00bb background_color=\u00bb#aeaea2&#8243; use_background_color_gradient=\u00bboff\u00bb background_color_gradient_start=\u00bb#2b87da\u00bb background_color_gradient_end=\u00bb#29c4a9&#8243; background_color_gradient_type=\u00bblinear\u00bb background_color_gradient_direction=\u00bb180deg\u00bb background_color_gradient_direction_radial=\u00bbcenter\u00bb background_color_gradient_start_position=\u00bb0%\u00bb background_color_gradient_end_position=\u00bb100%\u00bb background_color_gradient_overlays_image=\u00bboff\u00bb parallax=\u00bboff\u00bb parallax_method=\u00bbon\u00bb background_size=\u00bbcover\u00bb background_position=\u00bbcenter\u00bb background_repeat=\u00bbno-repeat\u00bb background_blend=\u00bbnormal\u00bb allow_player_pause=\u00bboff\u00bb background_video_pause_outside_viewport=\u00bbon\u00bb use_bg_overlay=\u00bboff\u00bb use_text_overlay=\u00bboff\u00bb text_border_radius=\u00bb3&#8243; alignment=\u00bbcenter\u00bb child_filter_hue_rotate=\u00bb0deg\u00bb child_filter_saturate=\u00bb100%\u00bb child_filter_brightness=\u00bb100%\u00bb child_filter_contrast=\u00bb100%\u00bb child_filter_invert=\u00bb0%\u00bb child_filter_sepia=\u00bb0%\u00bb child_filter_opacity=\u00bb100%\u00bb child_filter_blur=\u00bb0px\u00bb child_mix_blend_mode=\u00bbnormal\u00bb background_layout=\u00bbdark\u00bb text_shadow_style=\u00bbnone\u00bb header_text_shadow_style=\u00bbnone\u00bb body_text_shadow_style=\u00bbnone\u00bb custom_button=\u00bboff\u00bb button_bg_use_color_gradient=\u00bboff\u00bb button_bg_color_gradient_overlays_image=\u00bboff\u00bb button_use_icon=\u00bbon\u00bb button_on_hover=\u00bbon\u00bb button_text_shadow_style=\u00bbnone\u00bb box_shadow_style_button=\u00bbnone\u00bb text_shadow_horizontal_length=\u00bb0em\u00bb text_shadow_vertical_length=\u00bb0em\u00bb text_shadow_blur_strength=\u00bb0em\u00bb header_text_shadow_horizontal_length=\u00bb0em\u00bb header_text_shadow_vertical_length=\u00bb0em\u00bb header_text_shadow_blur_strength=\u00bb0em\u00bb body_text_shadow_horizontal_length=\u00bb0em\u00bb body_text_shadow_vertical_length=\u00bb0em\u00bb body_text_shadow_blur_strength=\u00bb0em\u00bb button_text_shadow_horizontal_length=\u00bb0em\u00bb button_text_shadow_vertical_length=\u00bb0em\u00bb button_text_shadow_blur_strength=\u00bb0em\u00bb \/][\/et_pb_fullwidth_slider][\/et_pb_section][et_pb_section bb_built=\u00bb1&#8243; fullwidth=\u00bbon\u00bb specialty=\u00bboff\u00bb prev_background_color=\u00bb#000000&#8243;][et_pb_fullwidth_image src=\u00bbhttps:\/\/www.cazorla.es\/bluescazorla06\/wp-content\/uploads\/2019\/06\/Inferior3_2019.png\u00bb _builder_version=\u00bb3.2.2&#8243; saved_tabs=\u00bball\u00bb]<\/p>\n<p>&nbsp;<\/p>\n<p>[\/et_pb_fullwidth_image][\/et_pb_section]<\/p>\n","protected":false},"excerpt":{"rendered":"<p>[et_pb_section bb_built=\u00bb1&#8243; next_background_color=\u00bb#000000&#8243;][et_pb_row][et_pb_column type=\u00bb4_4&#8243;][et_pb_post_title _builder_version=\u00bb3.2.2&#8243; meta=\u00bboff\u00bb featured_image=\u00bboff\u00bb text_orientation=\u00bbcenter\u00bb \/][\/et_pb_column][\/et_pb_row][\/et_pb_section][et_pb_section bb_built=\u00bb1&#8243; fullwidth=\u00bboff\u00bb specialty=\u00bbon\u00bb prev_background_color=\u00bb#000000&#8243; _builder_version=\u00bb3.2.2&#8243; next_background_color=\u00bb#000000&#8243;][et_pb_column type=\u00bb1_2&#8243;][et_pb_image _builder_version=\u00bb3.2.2&#8243; src=\u00bbhttps:\/\/cazorla.es\/wp-content\/uploads\/2015\/06\/2011.jpg\u00bb \/][et_pb_blurb _builder_version=\u00bb3.2.2&#8243; title=\u00bbCharlie Musselwhite\u00bb image=\u00bbhttps:\/\/cazorla.es\/wp-content\/uploads\/2015\/06\/descarga-53.jpg\u00bb text_orientation=\u00bbcenter\u00bb header_level=\u00bbh6&#8243; header_text_color=\u00bb#000000&#8243; body_font=\u00bb||on||||||\u00bb \/][et_pb_blurb _builder_version=\u00bb3.2.2&#8243; title=\u00bbThe Holmes Brothers\u00bb image=\u00bbhttps:\/\/cazorla.es\/wp-content\/uploads\/2015\/06\/descarga11.jpg\u00bb text_orientation=\u00bbcenter\u00bb header_level=\u00bbh6&#8243; header_text_color=\u00bb#000000&#8243; body_font=\u00bb||on||||||\u00bb \/][et_pb_blurb _builder_version=\u00bb3.2.2&#8243; title=\u00bbBobby Rush\u00bb image=\u00bbhttps:\/\/cazorla.es\/wp-content\/uploads\/2015\/06\/descarga-18.jpg\u00bb text_orientation=\u00bbcenter\u00bb header_level=\u00bbh6&#8243; header_text_color=\u00bb#000000&#8243; body_font=\u00bb||on||||||\u00bb \/][et_pb_blurb _builder_version=\u00bb3.2.2&#8243; title=\u00bbSharrie Williams\u00bb image=\u00bbhttps:\/\/cazorla.es\/wp-content\/uploads\/2015\/06\/descarga-26.jpg\u00bb text_orientation=\u00bbcenter\u00bb header_level=\u00bbh6&#8243; header_text_color=\u00bb#000000&#8243; body_font=\u00bb||on||||||\u00bb [&hellip;]<\/p>\n","protected":false},"author":2,"featured_media":0,"parent":0,"menu_order":0,"comment_status":"closed","ping_status":"closed","template":"","meta":{"_et_pb_use_builder":"on","_et_pb_old_content":"","_et_gb_content_width":"","footnotes":""},"_links":{"self":[{"href":"https:\/\/www.cazorla.es\/bluescazorla06\/wp-json\/wp\/v2\/pages\/3781"}],"collection":[{"href":"https:\/\/www.cazorla.es\/bluescazorla06\/wp-json\/wp\/v2\/pages"}],"about":[{"href":"https:\/\/www.cazorla.es\/bluescazorla06\/wp-json\/wp\/v2\/types\/page"}],"author":[{"embeddable":true,"href":"https:\/\/www.cazorla.es\/bluescazorla06\/wp-json\/wp\/v2\/users\/2"}],"replies":[{"embeddable":true,"href":"https:\/\/www.cazorla.es\/bluescazorla06\/wp-json\/wp\/v2\/comments?post=3781"}],"version-history":[{"count":5,"href":"https:\/\/www.cazorla.es\/bluescazorla06\/wp-json\/wp\/v2\/pages\/3781\/revisions"}],"predecessor-version":[{"id":4045,"href":"https:\/\/www.cazorla.es\/bluescazorla06\/wp-json\/wp\/v2\/pages\/3781\/revisions\/4045"}],"wp:attachment":[{"href":"https:\/\/www.cazorla.es\/bluescazorla06\/wp-json\/wp\/v2\/media?parent=3781"}],"curies":[{"name":"wp","href":"https:\/\/api.w.org\/{rel}","templated":true}]}}