{"id":3779,"date":"2019-07-08T06:38:21","date_gmt":"2019-07-08T06:38:21","guid":{"rendered":"http:\/\/www.cazorla.es\/bluescazorla06\/?page_id=3779"},"modified":"2019-07-11T07:40:24","modified_gmt":"2019-07-11T07:40:24","slug":"bluescazorla-festival-2010","status":"publish","type":"page","link":"https:\/\/www.cazorla.es\/bluescazorla06\/bluescazorla-festival-2010\/","title":{"rendered":"BluesCazorla Festival 2010"},"content":{"rendered":"<p>[et_pb_section bb_built=\u00bb1&#8243; _builder_version=\u00bb3.0.47&#8243; next_background_color=\u00bb#000000&#8243;][et_pb_row _builder_version=\u00bb3.0.47&#8243; background_size=\u00bbinitial\u00bb background_position=\u00bbtop_left\u00bb background_repeat=\u00bbrepeat\u00bb][et_pb_column type=\u00bb4_4&#8243;][et_pb_post_title meta=\u00bboff\u00bb featured_image=\u00bboff\u00bb _builder_version=\u00bb3.2.2&#8243; text_orientation=\u00bbcenter\u00bb]<br \/>\n[\/et_pb_post_title][\/et_pb_column][\/et_pb_row][\/et_pb_section][et_pb_section bb_built=\u00bb1&#8243; specialty=\u00bbon\u00bb _builder_version=\u00bb3.2.2&#8243; prev_background_color=\u00bb#000000&#8243; next_background_color=\u00bb#000000&#8243;][et_pb_column type=\u00bb1_2&#8243;][et_pb_image src=\u00bbhttps:\/\/cazorla.es\/wp-content\/uploads\/2015\/06\/BluesCazorla2010.jpg\u00bb align=\u00bbcenter\u00bb _builder_version=\u00bb3.2.2&#8243;]<br \/>\n[\/et_pb_image][et_pb_blurb title=\u00bbJoe Bonamassa\u00bb image=\u00bbhttps:\/\/cazorla.es\/wp-content\/uploads\/2015\/06\/joe-bonamassa.jpg\u00bb image_max_width=\u00bb50%\u00bb _builder_version=\u00bb3.2.2&#8243; header_level=\u00bbh6&#8243; header_text_color=\u00bb#000000&#8243; body_font=\u00bb||on||||||\u00bb text_orientation=\u00bbcenter\u00bb]<br \/>\n[\/et_pb_blurb][et_pb_blurb title=\u00bbDeitra Farr\u00bb image=\u00bbhttps:\/\/cazorla.es\/wp-content\/uploads\/2015\/06\/deitra_farr.jpg\u00bb image_max_width=\u00bb50%\u00bb _builder_version=\u00bb3.2.2&#8243; header_level=\u00bbh6&#8243; header_text_color=\u00bb#000000&#8243; body_font=\u00bb||on||||||\u00bb text_orientation=\u00bbcenter\u00bb]<br \/>\n[\/et_pb_blurb][et_pb_blurb title=\u00bbZora Young\u00bb image=\u00bbhttps:\/\/cazorla.es\/wp-content\/uploads\/2015\/06\/dt+Zora-Young3403.jpg\u00bb image_max_width=\u00bb50%\u00bb _builder_version=\u00bb3.2.2&#8243; header_level=\u00bbh6&#8243; header_text_color=\u00bb#000000&#8243; body_font=\u00bb||on||||||\u00bb text_orientation=\u00bbcenter\u00bb]<br \/>\n[\/et_pb_blurb][et_pb_blurb title=\u00bbGrana Louise\u00bb image=\u00bbhttps:\/\/cazorla.es\/wp-content\/uploads\/2015\/06\/grana-louise1.jpg\u00bb image_max_width=\u00bb50%\u00bb _builder_version=\u00bb3.2.2&#8243; header_level=\u00bbh6&#8243; header_text_color=\u00bb#000000&#8243; body_font=\u00bb||on||||||\u00bb text_orientation=\u00bbcenter\u00bb]<br \/>\n[\/et_pb_blurb][et_pb_blurb title=\u00bbJimmie Vaughan\u00bb image=\u00bbhttps:\/\/cazorla.es\/wp-content\/uploads\/2015\/06\/descarga-19.jpg\u00bb _builder_version=\u00bb3.2.2&#8243; header_level=\u00bbh6&#8243; header_text_color=\u00bb#000000&#8243; body_font=\u00bb||on||||||\u00bb text_orientation=\u00bbcenter\u00bb]<br \/>\n[\/et_pb_blurb][\/et_pb_column][et_pb_column type=\u00bb1_2&#8243; specialty_columns=\u00bb2&#8243;][et_pb_row_inner admin_label=\u00bbFila\u00bb _builder_version=\u00bb3.0.47&#8243;][et_pb_column_inner type=\u00bb4_4&#8243; saved_specialty_column_type=\u00bb1_2&#8243;][et_pb_testimonial _builder_version=\u00bb3.2.2&#8243;]<\/p>\n<h1><strong>Un regreso a Chicago con las \u2018blueswoman\u2019, acompa\u00f1adas de un estelar Joe Bonamassa y la calidad de Jimmie Vaughan dieron luz al BluesCazorla 2010<\/strong><\/h1>\n<p><strong><em>Para completar el cartel, la entrega de Loquillo, la sensibilidad de Joe Louis Walker y la nueva estrella, Imelda May.<\/em><\/strong><\/p>\n<p>La propuesta de la noche del jueves se iba consolidando. Y no es para menos con el repertorio de artistas que iban a pasar esta noche en Cazorleans. Para empezar,<strong> Imelda May<\/strong>, un torbellino en el escenario que dejo perplejos a los espectadores bluseros. Sus influencias en el rock y el rockabilly hicieron mover el esqueleto del p\u00fablico en un concierto que mostraba la calidad musical que ofrec\u00eda esta edici\u00f3n. Esta noche iba de artistas que necesitaban un salto de calidad para conseguir su reconocimiento. Al igual que Imelda,<strong> Eli Paperboy Reed<\/strong> pis\u00f3 las tablas del escenario Cruzcampo con mucha intensidad, aunque su especialidad es el soul, el blues no se le queda atr\u00e1s. Un buen concierto. La nota nacional del jueves se quer\u00eda consolidar. As\u00ed,<strong> Loquillo<\/strong> se presentaba a los espectadores con mucha energ\u00eda. Como viene siendo costumbre en \u00e9l, y sin acomodarse en el escenario, sac\u00f3 su mejor repertorio musical como \u2018Cadillac Solitario\u2019, \u2018Cuando fuimos los mejores\u2019 o \u2018Rock and roll actitud\u2019. Un cierre de noche muy digno y con muy buen sabor de boca para afrontar los dos intensos d\u00edas que a\u00fan quedaban por disfrutar.<\/p>\n<p>El encanto de la plaza de Santa Mar\u00eda es la esencia de Cazorla. A\u00fan m\u00e1s, si es complementada con buenos bluseros como <strong>Hendrik Roever, Lluis Coloma Tr\u00edo y La Brassa Band<\/strong>. Ambos, animaron durante toda la ma\u00f1ana con su m\u00fasica que tocaba todos los palos, blues ac\u00fastico, soul y un poco de swing para ir moviendo el esqueleto.<\/p>\n<p>La tarde planteaba un buen cartel. Para comenzar, <strong>Massena<\/strong>, con ritmo y poniendo a punto el ambiente para los vecinos ubetenses, <strong>Guadalupe Plata<\/strong>, bluseros de sangre y con influencias en el rock dieron un gran concierto en el que mostraron su val\u00eda para seguir creciendo en la m\u00fasica. Para cerrar la tarde, <strong>Mauri Sanchis<\/strong>, toca lo que le echen, blues, jazz, funk, se anima con todo y eso se lo trasmite al p\u00fablico. Un\u00a0 buen concierto como colof\u00f3n a la tarde blusera del viernes.<\/p>\n<p><strong>Los Deltonos<\/strong>, eran los encargados de dar comienzo el viernes noche. Comenzaron con mucha ca\u00f1a, desde el rock al Rhythm and blues, pasando por el Funk y un final especial. Llegaba el turno de la actuaci\u00f3n m\u00e1s esperada de la noche.<strong> Joe Bonamassa<\/strong>. Joe desenfund\u00f3 su guitarra y a ritmo de blues empez\u00f3 a empatizar con el p\u00fablico. No faltaron temas de sus grandes discos como \u2018Blues Deluxe\u2019 o \u2018You &amp; Me\u2019. Tambien tuvo tiempo para tocar algunos de sus temas m\u00e1s rockeros, una actuaci\u00f3n que qued\u00f3 marcada en la historia de este festival. Con la adrenalina en lo m\u00e1s alto tras el concierto de Bonamassa, tocaba el turno de <strong>Sugar Ray<\/strong>. Una banda estadounidense con mucho recorrido, sus seis trabajos los avalan y sus directos tambi\u00e9n. Y para cerrar la noche. Algo muy nacional. <strong>J. Teixi Band<\/strong>, la banda de Javier Teixidor, desde los 80 subidos al escenario y eso se nota. Rockabilly, el punk, el rhythm and blues o el pop son sus palos. Y su pasi\u00f3n la m\u00fasica negra. As\u00ed, cerraron una bonita e intensa noche.<\/p>\n<p><strong>Cazorla se convirti\u00f3 en Chicago<\/strong><\/p>\n<p>El s\u00e1bado se presentaba espectacular. Y no era para menos, hubo que madrugar algo m\u00e1s para poder disfrutar de<strong> Joe Luis Walker<\/strong>, en la plaza de Santa Mar\u00eda, una oportunidad que no se pod\u00eda desaprovechar. Gratis y en ac\u00fastico. Joe, hizo un excelente concierto de lo m\u00e1s \u201cpuro\u201d. <strong>Street Pickers<\/strong> contin\u00fao la ma\u00f1ana a ritmo de blues y rock. Para cerrar la edici\u00f3n blusera de la ma\u00f1ana, los amigos <strong>Txus Blues &amp; Jos\u00e9 Bluesfingers<\/strong>. Como es costumbre en ellos, sus canciones son tarareadas por el p\u00fablico que a la vez bail\u00f3 al son de su m\u00fasica hasta bien entrada la tarde.<\/p>\n<p>La tarde arrancaba con la actuaci\u00f3n de <strong>Susan Santos<\/strong>. Blusera de los pies a la cabeza realiz\u00f3 un bonito concierto con mucha energ\u00eda en el escenario. Despu\u00e9s era el turno de<strong> \u2018La Incombustible\u2019<\/strong> y para cerrar<strong> \u2018Miss in blues\u2019<\/strong>, Esther Gonz\u00e1lez y Pedro Andrea, un d\u00fao muy potente vocalmente y muy correcto en sus guitarras.<\/p>\n<p>BluesCazorla se convert\u00eda por una noche en Chicago. <strong>Deitra Farr, Zora Young y Grana \u00a0Louise<\/strong>, un tr\u00edo vocal impresionante que encant\u00f3 al p\u00fablico. Un concierto que se hizo corto para los espectadores porque escuchar el blues m\u00e1s puro de Chicago de la mano de estas tres grandes voces siempre te sabe a poco. Hablar de <strong>Jimmie Vaughan<\/strong>, es hablar de historia y de uno de los mejores guitarristas de la escena de Austin. No defraud\u00f3 a nadie. Influenciado por los grandes artistas como Albert King, BB King y Fredie King. Jimmie con su guitarra encandil\u00f3 al p\u00fablico hasta bien entrada la madrugada. Quedaban a\u00fan dos artistas por actuar en esta edici\u00f3n. Uno de ellos era otro grande del blues, <strong>Joe Louis Walker<\/strong>, guitarrista y compositor, influido por el blues el\u00e9ctrico realiz\u00f3 un concierto con mucho ritmo, gracias a su calidad vocal pudo mostrar su buen directo. Para cerrar esta edici\u00f3n, <strong>Buddy Whittington<\/strong>, sus vivencias con las bandas de John Mayall y Eric Clapton lo avalan. Un concierto muy instrumental para poner el broche final a la decimosexta edici\u00f3n de BluesCazorla.<\/p>\n<p>[\/et_pb_testimonial][\/et_pb_column_inner][\/et_pb_row_inner][et_pb_row_inner admin_label=\u00bbFila\u00bb _builder_version=\u00bb3.0.47&#8243;][et_pb_column_inner type=\u00bb4_4&#8243; saved_specialty_column_type=\u00bb1_2&#8243;][\/et_pb_column_inner][\/et_pb_row_inner][\/et_pb_column][\/et_pb_section][et_pb_section bb_built=\u00bb1&#8243; fullwidth=\u00bbon\u00bb specialty=\u00bboff\u00bb prev_background_color=\u00bb#000000&#8243; next_background_color=\u00bb#000000&#8243;][et_pb_fullwidth_slider _builder_version=\u00bb3.2.2&#8243; saved_tabs=\u00bball\u00bb][et_pb_slide _builder_version=\u00bb3.2.2&#8243; button_link=\u00bbhttps:\/\/www.ticketmaster.es\/event\/bluescazorla-festival-entradas\/15663?eventId=15663&amp;track=DiscoveryAPI&amp;camefrom=GLS%7CRiff+Producciones&amp;brand=base_mb_es\u00bb heading=\u00bbNO TE QUEDES SIN TU ABONO \u00bb button_text=\u00bbCOMPRAR ENTRADAS\u00bb background_color=\u00bb#aeaea2&#8243; use_background_color_gradient=\u00bboff\u00bb background_color_gradient_start=\u00bb#2b87da\u00bb background_color_gradient_end=\u00bb#29c4a9&#8243; background_color_gradient_type=\u00bblinear\u00bb background_color_gradient_direction=\u00bb180deg\u00bb background_color_gradient_direction_radial=\u00bbcenter\u00bb background_color_gradient_start_position=\u00bb0%\u00bb background_color_gradient_end_position=\u00bb100%\u00bb background_color_gradient_overlays_image=\u00bboff\u00bb parallax=\u00bboff\u00bb parallax_method=\u00bbon\u00bb background_size=\u00bbcover\u00bb background_position=\u00bbcenter\u00bb background_repeat=\u00bbno-repeat\u00bb background_blend=\u00bbnormal\u00bb allow_player_pause=\u00bboff\u00bb background_video_pause_outside_viewport=\u00bbon\u00bb use_bg_overlay=\u00bboff\u00bb use_text_overlay=\u00bboff\u00bb text_border_radius=\u00bb3&#8243; alignment=\u00bbcenter\u00bb child_filter_hue_rotate=\u00bb0deg\u00bb child_filter_saturate=\u00bb100%\u00bb child_filter_brightness=\u00bb100%\u00bb child_filter_contrast=\u00bb100%\u00bb child_filter_invert=\u00bb0%\u00bb child_filter_sepia=\u00bb0%\u00bb child_filter_opacity=\u00bb100%\u00bb child_filter_blur=\u00bb0px\u00bb child_mix_blend_mode=\u00bbnormal\u00bb background_layout=\u00bbdark\u00bb text_shadow_style=\u00bbnone\u00bb header_text_shadow_style=\u00bbnone\u00bb body_text_shadow_style=\u00bbnone\u00bb custom_button=\u00bboff\u00bb button_bg_use_color_gradient=\u00bboff\u00bb button_bg_color_gradient_overlays_image=\u00bboff\u00bb button_use_icon=\u00bbon\u00bb button_on_hover=\u00bbon\u00bb button_text_shadow_style=\u00bbnone\u00bb box_shadow_style_button=\u00bbnone\u00bb text_shadow_horizontal_length=\u00bb0em\u00bb text_shadow_vertical_length=\u00bb0em\u00bb text_shadow_blur_strength=\u00bb0em\u00bb header_text_shadow_horizontal_length=\u00bb0em\u00bb header_text_shadow_vertical_length=\u00bb0em\u00bb header_text_shadow_blur_strength=\u00bb0em\u00bb body_text_shadow_horizontal_length=\u00bb0em\u00bb body_text_shadow_vertical_length=\u00bb0em\u00bb body_text_shadow_blur_strength=\u00bb0em\u00bb button_text_shadow_horizontal_length=\u00bb0em\u00bb button_text_shadow_vertical_length=\u00bb0em\u00bb button_text_shadow_blur_strength=\u00bb0em\u00bb \/][\/et_pb_fullwidth_slider][\/et_pb_section][et_pb_section bb_built=\u00bb1&#8243; fullwidth=\u00bbon\u00bb specialty=\u00bboff\u00bb prev_background_color=\u00bb#000000&#8243;][et_pb_fullwidth_image src=\u00bbhttps:\/\/www.cazorla.es\/bluescazorla06\/wp-content\/uploads\/2019\/06\/Inferior3_2019.png\u00bb _builder_version=\u00bb3.2.2&#8243; saved_tabs=\u00bball\u00bb]<\/p>\n<p>&nbsp;<\/p>\n<p>[\/et_pb_fullwidth_image][\/et_pb_section]<\/p>\n","protected":false},"excerpt":{"rendered":"<p>[et_pb_section bb_built=\u00bb1&#8243; _builder_version=\u00bb3.0.47&#8243; next_background_color=\u00bb#000000&#8243;][et_pb_row _builder_version=\u00bb3.0.47&#8243; background_size=\u00bbinitial\u00bb background_position=\u00bbtop_left\u00bb background_repeat=\u00bbrepeat\u00bb][et_pb_column type=\u00bb4_4&#8243;][et_pb_post_title meta=\u00bboff\u00bb featured_image=\u00bboff\u00bb _builder_version=\u00bb3.2.2&#8243; text_orientation=\u00bbcenter\u00bb] [\/et_pb_post_title][\/et_pb_column][\/et_pb_row][\/et_pb_section][et_pb_section bb_built=\u00bb1&#8243; specialty=\u00bbon\u00bb _builder_version=\u00bb3.2.2&#8243; prev_background_color=\u00bb#000000&#8243; next_background_color=\u00bb#000000&#8243;][et_pb_column type=\u00bb1_2&#8243;][et_pb_image src=\u00bbhttps:\/\/cazorla.es\/wp-content\/uploads\/2015\/06\/BluesCazorla2010.jpg\u00bb align=\u00bbcenter\u00bb _builder_version=\u00bb3.2.2&#8243;] [\/et_pb_image][et_pb_blurb title=\u00bbJoe Bonamassa\u00bb image=\u00bbhttps:\/\/cazorla.es\/wp-content\/uploads\/2015\/06\/joe-bonamassa.jpg\u00bb image_max_width=\u00bb50%\u00bb _builder_version=\u00bb3.2.2&#8243; header_level=\u00bbh6&#8243; header_text_color=\u00bb#000000&#8243; body_font=\u00bb||on||||||\u00bb text_orientation=\u00bbcenter\u00bb] [\/et_pb_blurb][et_pb_blurb title=\u00bbDeitra Farr\u00bb image=\u00bbhttps:\/\/cazorla.es\/wp-content\/uploads\/2015\/06\/deitra_farr.jpg\u00bb image_max_width=\u00bb50%\u00bb _builder_version=\u00bb3.2.2&#8243; header_level=\u00bbh6&#8243; header_text_color=\u00bb#000000&#8243; body_font=\u00bb||on||||||\u00bb text_orientation=\u00bbcenter\u00bb] [\/et_pb_blurb][et_pb_blurb title=\u00bbZora Young\u00bb image=\u00bbhttps:\/\/cazorla.es\/wp-content\/uploads\/2015\/06\/dt+Zora-Young3403.jpg\u00bb image_max_width=\u00bb50%\u00bb _builder_version=\u00bb3.2.2&#8243; header_level=\u00bbh6&#8243; header_text_color=\u00bb#000000&#8243; body_font=\u00bb||on||||||\u00bb text_orientation=\u00bbcenter\u00bb] [\/et_pb_blurb][et_pb_blurb title=\u00bbGrana [&hellip;]<\/p>\n","protected":false},"author":2,"featured_media":0,"parent":0,"menu_order":0,"comment_status":"closed","ping_status":"closed","template":"","meta":{"_et_pb_use_builder":"on","_et_pb_old_content":"","_et_gb_content_width":"","footnotes":""},"_links":{"self":[{"href":"https:\/\/www.cazorla.es\/bluescazorla06\/wp-json\/wp\/v2\/pages\/3779"}],"collection":[{"href":"https:\/\/www.cazorla.es\/bluescazorla06\/wp-json\/wp\/v2\/pages"}],"about":[{"href":"https:\/\/www.cazorla.es\/bluescazorla06\/wp-json\/wp\/v2\/types\/page"}],"author":[{"embeddable":true,"href":"https:\/\/www.cazorla.es\/bluescazorla06\/wp-json\/wp\/v2\/users\/2"}],"replies":[{"embeddable":true,"href":"https:\/\/www.cazorla.es\/bluescazorla06\/wp-json\/wp\/v2\/comments?post=3779"}],"version-history":[{"count":6,"href":"https:\/\/www.cazorla.es\/bluescazorla06\/wp-json\/wp\/v2\/pages\/3779\/revisions"}],"predecessor-version":[{"id":4046,"href":"https:\/\/www.cazorla.es\/bluescazorla06\/wp-json\/wp\/v2\/pages\/3779\/revisions\/4046"}],"wp:attachment":[{"href":"https:\/\/www.cazorla.es\/bluescazorla06\/wp-json\/wp\/v2\/media?parent=3779"}],"curies":[{"name":"wp","href":"https:\/\/api.w.org\/{rel}","templated":true}]}}