{"id":3777,"date":"2019-07-08T06:37:28","date_gmt":"2019-07-08T06:37:28","guid":{"rendered":"http:\/\/www.cazorla.es\/bluescazorla06\/?page_id=3777"},"modified":"2019-07-11T07:41:59","modified_gmt":"2019-07-11T07:41:59","slug":"bluescazorla-festival-2009","status":"publish","type":"page","link":"https:\/\/www.cazorla.es\/bluescazorla06\/bluescazorla-festival-2009\/","title":{"rendered":"BluesCazorla Festival 2009"},"content":{"rendered":"<p>[et_pb_section bb_built=\u00bb1&#8243; next_background_color=\u00bb#000000&#8243;][et_pb_row][et_pb_column type=\u00bb4_4&#8243;][et_pb_post_title _builder_version=\u00bb3.2.2&#8243; meta=\u00bboff\u00bb featured_image=\u00bboff\u00bb text_orientation=\u00bbcenter\u00bb \/][\/et_pb_column][\/et_pb_row][\/et_pb_section][et_pb_section bb_built=\u00bb1&#8243; fullwidth=\u00bboff\u00bb specialty=\u00bbon\u00bb prev_background_color=\u00bb#000000&#8243; _builder_version=\u00bb3.2.2&#8243; next_background_color=\u00bb#000000&#8243;][et_pb_column type=\u00bb1_2&#8243;][et_pb_image _builder_version=\u00bb3.2.2&#8243; src=\u00bbhttps:\/\/cazorla.es\/wp-content\/uploads\/2015\/06\/2009.jpg\u00bb align=\u00bbcenter\u00bb \/][et_pb_blurb _builder_version=\u00bb3.2.2&#8243; title=\u00bbDr Feelgood\u00bb image=\u00bbhttps:\/\/cazorla.es\/wp-content\/uploads\/2015\/06\/dr-feelgood.jpg\u00bb text_orientation=\u00bbcenter\u00bb header_level=\u00bbh6&#8243; header_text_color=\u00bb#000000&#8243; body_font=\u00bb||on||||||\u00bb \/][et_pb_blurb _builder_version=\u00bb3.2.2&#8243; title=\u00bbChicago Blues Revue\u00bb image=\u00bbhttps:\/\/cazorla.es\/wp-content\/uploads\/2015\/06\/v2_338x236_thumb_933929_chicago_blues_revue.jpg\u00bb text_orientation=\u00bbcenter\u00bb header_level=\u00bbh6&#8243; header_text_color=\u00bb#000000&#8243; body_font=\u00bb||on||||||\u00bb \/][et_pb_blurb _builder_version=\u00bb3.2.2&#8243; title=\u00bbWatermelon Slim\u00bb image=\u00bbhttps:\/\/cazorla.es\/wp-content\/uploads\/2015\/06\/descarga13.jpg\u00bb text_orientation=\u00bbcenter\u00bb header_level=\u00bbh6&#8243; header_text_color=\u00bb#000000&#8243; body_font=\u00bb||on||||||\u00bb \/][et_pb_blurb _builder_version=\u00bb3.2.2&#8243; title=\u00bbRaimundo Amador\u00bb image=\u00bbhttps:\/\/cazorla.es\/wp-content\/uploads\/2015\/06\/descarga-28.jpg\u00bb text_orientation=\u00bbcenter\u00bb header_level=\u00bbh6&#8243; header_text_color=\u00bb#000000&#8243; body_font=\u00bb||on||||||\u00bb \/][et_pb_blurb _builder_version=\u00bb3.2.2&#8243; title=\u00bbRobben Ford\u00bb image=\u00bbhttps:\/\/cazorla.es\/wp-content\/uploads\/2015\/06\/descarga-110.jpg\u00bb text_orientation=\u00bbcenter\u00bb header_level=\u00bbh6&#8243; header_text_color=\u00bb#000000&#8243; body_font=\u00bb||on||||||\u00bb \/][et_pb_blurb _builder_version=\u00bb3.2.2&#8243; title=\u00bbSusan Tedeschi\u00bb image=\u00bbhttps:\/\/cazorla.es\/wp-content\/uploads\/2015\/06\/images5.jpg\u00bb text_orientation=\u00bbcenter\u00bb header_level=\u00bbh6&#8243; header_text_color=\u00bb#000000&#8243; body_font=\u00bb||on||||||\u00bb \/][et_pb_blurb _builder_version=\u00bb3.2.2&#8243; title=\u00bbBB &amp; The Blues Skacks\u00bb image=\u00bbhttps:\/\/cazorla.es\/wp-content\/uploads\/2015\/06\/descarga-39.jpg\u00bb text_orientation=\u00bbcenter\u00bb header_level=\u00bbh6&#8243; header_text_color=\u00bb#000000&#8243; body_font=\u00bb||on||||||\u00bb \/][\/et_pb_column][et_pb_column type=\u00bb1_2&#8243; specialty_columns=\u00bb2&#8243;][et_pb_row_inner admin_label=\u00bbFila\u00bb][et_pb_column_inner type=\u00bb4_4&#8243; saved_specialty_column_type=\u00bb1_2&#8243;][et_pb_testimonial _builder_version=\u00bb3.2.2&#8243; quote_icon_background_color=\u00bb#f5f5f5&#8243;]<\/p>\n<h1><strong>BluesCazorla incorpora una noche m\u00e1s a su festival, vuelve a Chicago y disfruta con Dr Feelgood<\/strong><\/h1>\n<p><strong><em>Raimundo Amador dio un toque especial a la noche del jueves y Watermelon Slim sorprendi\u00f3 con su arm\u00f3nica.<\/em><\/strong><\/p>\n<p>Primera toma de contacto del jueves blusero. Y qu\u00e9 bien se lo tomaron los bluseros, plaza llena y a disfrutar de tres grandes conciertos de <strong>James Hunter, Raimundo Amador y un All Star Jam Sessi\u00f3n<\/strong>.<\/p>\n<p>Mucho blues y mucha alma. <strong>James Hunter<\/strong>, con influencias en Van Morrison, empez\u00f3 a derrochar blues en sus dedos, guitarra en mano realiz\u00f3 un concierto muy digno y muy blusero. \u00a1Un gran comienzo para una noche grande!<\/p>\n<p>El gran <strong>Raimundo Amador<\/strong> pisaba las tablas del escenario Cruzcampo con gran expectaci\u00f3n entre el p\u00fablico. El primer artista de renombre nacional tocaba en Cazorla de una manera \u00fanica. Con su blues-flamenco y los temas de su directo \u00abNoches de flamenco y blues\u00bb, Raimundo realiz\u00f3 un concierto de diez en el primer jueves blusero de Cazorla.<\/p>\n<p>Para amenizar la noche, una <strong>All Star Sessi\u00f3n<\/strong> con varios artistas invitados que dur\u00f3 hasta bien entrada la madrugada.<\/p>\n<p>El viernes promet\u00eda. Una ma\u00f1ana potente musicalmente hablando con la interpretaci\u00f3n primera del d\u00fao <strong>Walking Stick Man<\/strong>, derrochando blues en sus dedos y en sus gargantas. Un gran espect\u00e1culo.<\/p>\n<p>Para el que se quedar\u00e1 con la miel en los labios en el concierto de <strong>Raimundo Amador<\/strong>, tuvo otra oportunidad de disfrutar su concierto en la plaza de Santa Mar\u00eda en su versi\u00f3n m\u00e1s flamenca. Raimundo se mueve como pez en el agua en este tipo de conciertos que encanto a los espectadores.<\/p>\n<p>Para cerrar la ma\u00f1ana blusera, <strong>JP Cumellas &amp; Talavera<\/strong> con un concierto muy digno y que ameniz\u00f3 la plaza hasta bien entrada la tarde.<\/p>\n<p><strong>Johnny Perez Trio<\/strong> arranc\u00f3 la jornada de tarde. Su directo es en\u00e9rgico y contundente y la magia que transmite es tremendamente efectiva y din\u00e1mica, con un gran despliegue de t\u00e9cnica y pirotecnia y sus influencias en Steve Ray Vaughan dej\u00f3 con muy buen sabor de boca al p\u00fablico.<\/p>\n<p>El grupo <strong>\u2018A Contra Blues\u2019<\/strong> contin\u00fao con sus temas y su versatilidad instrumental. Para cerrar, otra gran banda <strong>\u2018Lone Rhino Club\u2019<\/strong>, no par\u00f3 hasta bien entrada la noche a ritmos del blues de Chicago y con temas de los grandes artistas \u00a0B.B. King, Muddy Waters o Tom Waits.<\/p>\n<p>La noche se esperaba con ansia. Y es que la noche promet\u00eda. Para empezar, un <strong>Robben Ford<\/strong> entregado con el p\u00fablico. Guitarra en mano empez\u00f3 a derrochar blues en sus notas sin dejar atr\u00e1s su especial cari\u00f1o al jazz y al rock. Una mezcla de sonidos y de canciones que encandil\u00f3 al p\u00fablico.<\/p>\n<p>Un personaje algo peculiar iba a pisar las tablas de BluesCazorla. Bill Homans, m\u00e1s bien conocido como <strong>\u2018Watermelon Slim\u2019<\/strong>, un showman en el escenario y un amante de la arm\u00f3nica.<\/p>\n<p>Una garant\u00eda en el escenario y no es para menos si te has codeado con artistas de la talla de \u00a0John Lee Hooker, Robert Cray , Champion Jack Dupree y Bonnie Raitt. Un \u201cconciertazo\u201d que hizo estallar los sentidos y que se qued\u00f3 grabado en la memoria de los espectadores.<\/p>\n<p>La noche no pod\u00eda pintar mejor. Pero a\u00fan faltaba por subir al escenario dos bandas y una de ellas la m\u00e1s esperada,<strong> \u2018Dr Feelgood\u2019<\/strong>. Un grupo con mucha historia en el que han pasado por el 15 m\u00fasicos. Muy en\u00e9rgicos en el escenario no pararon de tocar sus grandes canciones y a golpe de \u00a0rhythm and blues cerraron su concierto de una manera estelar.<\/p>\n<p><strong>\u2018The Funk on Me\u2019<\/strong> cerraron la noche con sus ritmos enfocados al jazz y al funk.<\/p>\n<p>El s\u00e1bado tambi\u00e9n se presentaba fuerte. Para comenzar el d\u00fao,<strong> Vladi Olmos &amp; David Garc\u00eda<\/strong> empez\u00f3 su concierto con buenos temas para ir despertando a los primeros bluseros que se acercaban a la plaza de Santa Mar\u00eda. Entre refresco y refresco, <strong>Juli\u00e1n Freire &amp; \u00d1aco<\/strong> se sub\u00edan al escenario para acercar el blues del Mississippi hasta Cazorleans. Para cerrar los conciertos de la plaza, los grandes <strong>Txus Blues &amp; Jos\u00e9 Bluesfingers<\/strong> con sus pegadizos temas no pararon de tocar hasta casi las seis de la tarde.<\/p>\n<p><strong>\u2018Granujas Dog Band\u2019<\/strong> abr\u00eda la tarde blusera. Con buenas canciones y buena m\u00fasica empezaron a animar la tarde. Seguidamente, <strong>\u2018The Blues Hackers\u2019<\/strong>, con su blues el\u00e9ctrico y purista mantiene abierta las dos vertientes y eso hace que el p\u00fablico disfrute con sus conciertos.<\/p>\n<p>Para cerrar, la nueva banda de Lichis,<strong> \u2018Troublemakers\u2019<\/strong>, revivieron el blues de los a\u00f1os cincuenta de Willie Dixon, Howlin\u2019 Wolf o Muddy Waters con su \u00faltimo trabajo \u2018Chicano Blues\u2019.<\/p>\n<p>BluesCazorla 2009 estaba llegando a su final. Pero antes quedaba una gran noche con grandes artistas. Susan Tedeschi empez\u00f3 la noche con una forma muy el\u00e9ctrica con su mejor blues y sin dejar a un lado el soul. Susan demostr\u00f3 porque apunta maneras para ser una de las grandes del blues en los pr\u00f3ximos a\u00f1os.<\/p>\n<p>La gran actuaci\u00f3n de la noche estaba por llegar. Un viaje al mejor blues de Chicago con el espect\u00e1culo,<strong> \u2018Chicago Blues Revue\u2019<\/strong>, con Billy Branch, Billy Boy Arnold, John Primer y Lurrie Bell. Un viaje hac\u00eda la m\u00fasica de los a\u00f1os 50, un concierto de lo m\u00e1s purista que encant\u00f3 a todos los amantes del blues.<\/p>\n<p><strong>\u2018BB and The Blueshacks\u2019<\/strong>, una banda alemana con muchos ritmos y con grandes canciones. Genios en el escenario y con mucha clase instrumental hicieron un concierto muy sobresaliente que impresion\u00f3 al p\u00fablico.<\/p>\n<p>La banda <strong>\u2018Travelling Brothers\u2019<\/strong> cerr\u00f3 esta edici\u00f3n como mejor saben hacerlo con mucho blues el\u00e9ctrico y con la energ\u00eda que caracteriza a este grupo pusieron el broche de oro a quince a\u00f1os de Cazorleans.<\/p>\n<p>[\/et_pb_testimonial][\/et_pb_column_inner][\/et_pb_row_inner][et_pb_row_inner admin_label=\u00bbFila\u00bb][et_pb_column_inner type=\u00bb4_4&#8243; saved_specialty_column_type=\u00bb1_2&#8243;][\/et_pb_column_inner][\/et_pb_row_inner][\/et_pb_column][\/et_pb_section][et_pb_section bb_built=\u00bb1&#8243; fullwidth=\u00bbon\u00bb specialty=\u00bboff\u00bb prev_background_color=\u00bb#000000&#8243; next_background_color=\u00bb#000000&#8243;][et_pb_fullwidth_slider _builder_version=\u00bb3.2.2&#8243; saved_tabs=\u00bball\u00bb][et_pb_slide _builder_version=\u00bb3.2.2&#8243; button_link=\u00bbhttps:\/\/www.ticketmaster.es\/event\/bluescazorla-festival-entradas\/15663?eventId=15663&amp;track=DiscoveryAPI&amp;camefrom=GLS%7CRiff+Producciones&amp;brand=base_mb_es\u00bb heading=\u00bbNO TE QUEDES SIN TU ABONO \u00bb button_text=\u00bbCOMPRAR ENTRADAS\u00bb background_color=\u00bb#aeaea2&#8243; use_background_color_gradient=\u00bboff\u00bb background_color_gradient_start=\u00bb#2b87da\u00bb background_color_gradient_end=\u00bb#29c4a9&#8243; background_color_gradient_type=\u00bblinear\u00bb background_color_gradient_direction=\u00bb180deg\u00bb background_color_gradient_direction_radial=\u00bbcenter\u00bb background_color_gradient_start_position=\u00bb0%\u00bb background_color_gradient_end_position=\u00bb100%\u00bb background_color_gradient_overlays_image=\u00bboff\u00bb parallax=\u00bboff\u00bb parallax_method=\u00bbon\u00bb background_size=\u00bbcover\u00bb background_position=\u00bbcenter\u00bb background_repeat=\u00bbno-repeat\u00bb background_blend=\u00bbnormal\u00bb allow_player_pause=\u00bboff\u00bb background_video_pause_outside_viewport=\u00bbon\u00bb use_bg_overlay=\u00bboff\u00bb use_text_overlay=\u00bboff\u00bb text_border_radius=\u00bb3&#8243; alignment=\u00bbcenter\u00bb child_filter_hue_rotate=\u00bb0deg\u00bb child_filter_saturate=\u00bb100%\u00bb child_filter_brightness=\u00bb100%\u00bb child_filter_contrast=\u00bb100%\u00bb child_filter_invert=\u00bb0%\u00bb child_filter_sepia=\u00bb0%\u00bb child_filter_opacity=\u00bb100%\u00bb child_filter_blur=\u00bb0px\u00bb child_mix_blend_mode=\u00bbnormal\u00bb background_layout=\u00bbdark\u00bb text_shadow_style=\u00bbnone\u00bb header_text_shadow_style=\u00bbnone\u00bb body_text_shadow_style=\u00bbnone\u00bb custom_button=\u00bboff\u00bb button_bg_use_color_gradient=\u00bboff\u00bb button_bg_color_gradient_overlays_image=\u00bboff\u00bb button_use_icon=\u00bbon\u00bb button_on_hover=\u00bbon\u00bb button_text_shadow_style=\u00bbnone\u00bb box_shadow_style_button=\u00bbnone\u00bb text_shadow_horizontal_length=\u00bb0em\u00bb text_shadow_vertical_length=\u00bb0em\u00bb text_shadow_blur_strength=\u00bb0em\u00bb header_text_shadow_horizontal_length=\u00bb0em\u00bb header_text_shadow_vertical_length=\u00bb0em\u00bb header_text_shadow_blur_strength=\u00bb0em\u00bb body_text_shadow_horizontal_length=\u00bb0em\u00bb body_text_shadow_vertical_length=\u00bb0em\u00bb body_text_shadow_blur_strength=\u00bb0em\u00bb button_text_shadow_horizontal_length=\u00bb0em\u00bb button_text_shadow_vertical_length=\u00bb0em\u00bb button_text_shadow_blur_strength=\u00bb0em\u00bb \/][\/et_pb_fullwidth_slider][\/et_pb_section][et_pb_section bb_built=\u00bb1&#8243; fullwidth=\u00bbon\u00bb specialty=\u00bboff\u00bb prev_background_color=\u00bb#000000&#8243;][et_pb_fullwidth_image src=\u00bbhttps:\/\/www.cazorla.es\/bluescazorla06\/wp-content\/uploads\/2019\/06\/Inferior3_2019.png\u00bb _builder_version=\u00bb3.2.2&#8243; saved_tabs=\u00bball\u00bb]<\/p>\n<p>&nbsp;<\/p>\n<p>[\/et_pb_fullwidth_image][\/et_pb_section]<\/p>\n","protected":false},"excerpt":{"rendered":"<p>[et_pb_section bb_built=\u00bb1&#8243; next_background_color=\u00bb#000000&#8243;][et_pb_row][et_pb_column type=\u00bb4_4&#8243;][et_pb_post_title _builder_version=\u00bb3.2.2&#8243; meta=\u00bboff\u00bb featured_image=\u00bboff\u00bb text_orientation=\u00bbcenter\u00bb \/][\/et_pb_column][\/et_pb_row][\/et_pb_section][et_pb_section bb_built=\u00bb1&#8243; fullwidth=\u00bboff\u00bb specialty=\u00bbon\u00bb prev_background_color=\u00bb#000000&#8243; _builder_version=\u00bb3.2.2&#8243; next_background_color=\u00bb#000000&#8243;][et_pb_column type=\u00bb1_2&#8243;][et_pb_image _builder_version=\u00bb3.2.2&#8243; src=\u00bbhttps:\/\/cazorla.es\/wp-content\/uploads\/2015\/06\/2009.jpg\u00bb align=\u00bbcenter\u00bb \/][et_pb_blurb _builder_version=\u00bb3.2.2&#8243; title=\u00bbDr Feelgood\u00bb image=\u00bbhttps:\/\/cazorla.es\/wp-content\/uploads\/2015\/06\/dr-feelgood.jpg\u00bb text_orientation=\u00bbcenter\u00bb header_level=\u00bbh6&#8243; header_text_color=\u00bb#000000&#8243; body_font=\u00bb||on||||||\u00bb \/][et_pb_blurb _builder_version=\u00bb3.2.2&#8243; title=\u00bbChicago Blues Revue\u00bb image=\u00bbhttps:\/\/cazorla.es\/wp-content\/uploads\/2015\/06\/v2_338x236_thumb_933929_chicago_blues_revue.jpg\u00bb text_orientation=\u00bbcenter\u00bb header_level=\u00bbh6&#8243; header_text_color=\u00bb#000000&#8243; body_font=\u00bb||on||||||\u00bb \/][et_pb_blurb _builder_version=\u00bb3.2.2&#8243; title=\u00bbWatermelon Slim\u00bb image=\u00bbhttps:\/\/cazorla.es\/wp-content\/uploads\/2015\/06\/descarga13.jpg\u00bb text_orientation=\u00bbcenter\u00bb header_level=\u00bbh6&#8243; header_text_color=\u00bb#000000&#8243; body_font=\u00bb||on||||||\u00bb \/][et_pb_blurb _builder_version=\u00bb3.2.2&#8243; title=\u00bbRaimundo Amador\u00bb image=\u00bbhttps:\/\/cazorla.es\/wp-content\/uploads\/2015\/06\/descarga-28.jpg\u00bb text_orientation=\u00bbcenter\u00bb header_level=\u00bbh6&#8243; header_text_color=\u00bb#000000&#8243; [&hellip;]<\/p>\n","protected":false},"author":2,"featured_media":0,"parent":0,"menu_order":0,"comment_status":"closed","ping_status":"closed","template":"","meta":{"_et_pb_use_builder":"on","_et_pb_old_content":"","_et_gb_content_width":"","footnotes":""},"_links":{"self":[{"href":"https:\/\/www.cazorla.es\/bluescazorla06\/wp-json\/wp\/v2\/pages\/3777"}],"collection":[{"href":"https:\/\/www.cazorla.es\/bluescazorla06\/wp-json\/wp\/v2\/pages"}],"about":[{"href":"https:\/\/www.cazorla.es\/bluescazorla06\/wp-json\/wp\/v2\/types\/page"}],"author":[{"embeddable":true,"href":"https:\/\/www.cazorla.es\/bluescazorla06\/wp-json\/wp\/v2\/users\/2"}],"replies":[{"embeddable":true,"href":"https:\/\/www.cazorla.es\/bluescazorla06\/wp-json\/wp\/v2\/comments?post=3777"}],"version-history":[{"count":7,"href":"https:\/\/www.cazorla.es\/bluescazorla06\/wp-json\/wp\/v2\/pages\/3777\/revisions"}],"predecessor-version":[{"id":4047,"href":"https:\/\/www.cazorla.es\/bluescazorla06\/wp-json\/wp\/v2\/pages\/3777\/revisions\/4047"}],"wp:attachment":[{"href":"https:\/\/www.cazorla.es\/bluescazorla06\/wp-json\/wp\/v2\/media?parent=3777"}],"curies":[{"name":"wp","href":"https:\/\/api.w.org\/{rel}","templated":true}]}}