{"id":3771,"date":"2019-07-08T06:33:19","date_gmt":"2019-07-08T06:33:19","guid":{"rendered":"http:\/\/www.cazorla.es\/bluescazorla06\/?page_id=3771"},"modified":"2019-07-11T07:53:35","modified_gmt":"2019-07-11T07:53:35","slug":"bluescazorla-festival-2006","status":"publish","type":"page","link":"https:\/\/www.cazorla.es\/bluescazorla06\/bluescazorla-festival-2006\/","title":{"rendered":"BluesCazorla Festival 2006"},"content":{"rendered":"<p>[et_pb_section bb_built=\u00bb1&#8243; next_background_color=\u00bb#000000&#8243;][et_pb_row][et_pb_column type=\u00bb4_4&#8243;][et_pb_post_title _builder_version=\u00bb3.2.2&#8243; meta=\u00bboff\u00bb featured_image=\u00bboff\u00bb text_orientation=\u00bbcenter\u00bb \/][\/et_pb_column][\/et_pb_row][\/et_pb_section][et_pb_section bb_built=\u00bb1&#8243; fullwidth=\u00bboff\u00bb specialty=\u00bbon\u00bb prev_background_color=\u00bb#000000&#8243; _builder_version=\u00bb3.2.2&#8243; next_background_color=\u00bb#000000&#8243;][et_pb_column type=\u00bb1_2&#8243;][et_pb_image _builder_version=\u00bb3.2.2&#8243; src=\u00bbhttps:\/\/cazorla.es\/wp-content\/uploads\/2015\/06\/2006.jpg\u00bb align=\u00bbcenter\u00bb max_width=\u00bb85%\u00bb \/][et_pb_blurb _builder_version=\u00bb3.2.2&#8243; title=\u00bbSolomon Burke\u00bb image=\u00bbhttps:\/\/cazorla.es\/wp-content\/uploads\/2015\/06\/descarga-55.jpg\u00bb text_orientation=\u00bbcenter\u00bb header_level=\u00bbh6&#8243; header_text_color=\u00bb#000000&#8243; body_font=\u00bb||on||||||\u00bb \/][et_pb_blurb _builder_version=\u00bb3.2.2&#8243; title=\u00bbRick Estrin\u00bb image=\u00bbhttps:\/\/cazorla.es\/wp-content\/uploads\/2015\/06\/descarga-61.jpg\u00bb text_orientation=\u00bbcenter\u00bb header_level=\u00bbh6&#8243; header_text_color=\u00bb#000000&#8243; body_font=\u00bb||on||||||\u00bb \/][et_pb_blurb _builder_version=\u00bb3.2.2&#8243; title=\u00bbGuitar Crusher\u00bb image=\u00bbhttps:\/\/cazorla.es\/wp-content\/uploads\/2015\/06\/images-14.jpg\u00bb text_orientation=\u00bbcenter\u00bb header_level=\u00bbh6&#8243; header_text_color=\u00bb#000000&#8243; body_font=\u00bb||on||||||\u00bb \/][et_pb_blurb _builder_version=\u00bb3.2.2&#8243; title=\u00bbDuke Robillard\u00bb image=\u00bbhttps:\/\/cazorla.es\/wp-content\/uploads\/2015\/06\/duke-robillard.jpg\u00bb text_orientation=\u00bbcenter\u00bb header_level=\u00bbh6&#8243; header_text_color=\u00bb#000000&#8243; body_font=\u00bb||on||||||\u00bb \/][et_pb_blurb _builder_version=\u00bb3.2.2&#8243; title=\u00bbJerry Portnoy\u00bb image=\u00bbhttps:\/\/cazorla.es\/wp-content\/uploads\/2015\/06\/images-22.jpg\u00bb text_orientation=\u00bbcenter\u00bb header_level=\u00bbh6&#8243; header_text_color=\u00bb#000000&#8243; body_font=\u00bb||on||||||\u00bb \/][et_pb_blurb _builder_version=\u00bb3.2.2&#8243; title=\u00bbKim Wilson\u00bb image=\u00bbhttps:\/\/cazorla.es\/wp-content\/uploads\/2015\/06\/descarga-8.jpg\u00bb text_orientation=\u00bbcenter\u00bb header_level=\u00bbh6&#8243; header_text_color=\u00bb#000000&#8243; body_font=\u00bb||on||||||\u00bb \/][et_pb_blurb _builder_version=\u00bb3.2.2&#8243; title=\u00bbLos Reyes del KO\u00bb image=\u00bbhttps:\/\/cazorla.es\/wp-content\/uploads\/2015\/06\/descarga-71.jpg\u00bb text_orientation=\u00bbcenter\u00bb header_level=\u00bbh6&#8243; header_text_color=\u00bb#000000&#8243; body_font=\u00bb||on||||||\u00bb \/][\/et_pb_column][et_pb_column type=\u00bb1_2&#8243; specialty_columns=\u00bb2&#8243;][et_pb_row_inner admin_label=\u00bbFila\u00bb][et_pb_column_inner type=\u00bb4_4&#8243; saved_specialty_column_type=\u00bb1_2&#8243;][et_pb_testimonial _builder_version=\u00bb3.2.2&#8243; quote_icon_background_color=\u00bb#f5f5f5&#8243;]<\/p>\n<h1><strong>El capricho de ver a Solomon Burke y la simpat\u00eda de Rick Estrin encabezaron BluesCazorla 2006<\/strong><\/h1>\n<p><strong><em>El cuarteto Wilson, Lamb, Portnoy y Estrin complementaron una bonita edici\u00f3n.<\/em><\/strong><\/p>\n<p>BluesCazorla ya era uno de los grandes. Y este a\u00f1o lo era a\u00fan m\u00e1s ya que poder disfrutar de una actuaci\u00f3n de <strong>Solomon Burke<\/strong> no era nada f\u00e1cil.<\/p>\n<p>Para empezar, como ya ven\u00eda siendo costumbre desde el d\u00e9cimo aniversario, la Plaza de Santa Mar\u00eda se empezaba a llenar de bluseros con la primera actuaci\u00f3n de <strong>Blueshakers<\/strong>, un grupo muy el\u00e9ctrico que empez\u00f3 a hacer bailar al p\u00fablico desde las primeras horas, un buen comienzo de festival.<\/p>\n<p>Le sigui\u00f3 en el escenario <strong>Curtis Acoustic James<\/strong>, una versi\u00f3n de blues en ac\u00fastico muy decente y que gust\u00f3 mucho en los espectadores. Para cerrar la jornada de ma\u00f1ana,<strong> Marcos Coll &amp; Adrian Costa<\/strong>, bluseros desde que ten\u00edan uso de raz\u00f3n, hacen un blues muy pegadizo y se complementan a la perfecci\u00f3n en el escenario, un buen cierre del viernes ma\u00f1anero.<\/p>\n<p>Por la tarde, a las 18:00 horas daba comienzo la actuaci\u00f3n de<strong> Bar Blues Band<\/strong>. Una banda en\u00e9rgica, con un blues muy potente que despert\u00f3 a los m\u00e1s \u201cremolones\u201d. Seguidamente,<strong> \u2018Blues de Bellota\u2019<\/strong>, una banda con un estilo peculiar en su blues, tocan cualquier estilo cercano al blues y eso gust\u00f3 mucho al p\u00fablico.<\/p>\n<p>La tarde se cerraba con la actuaci\u00f3n con <strong>Paul Lamb &amp; The Kingsnakes<\/strong>, un gran m\u00fasico y una gran banda, acerc\u00e1ndose al blues m\u00e1s americano y negro echaba el cierre del viernes tarde.<\/p>\n<p>La noche comenzaba. Y Sidney Selby sub\u00eda al escenario de BluesCazorla. M\u00e1s conocido como <strong>Guitar Crusher<\/strong> con una grand\u00edsima trayectoria donde ha tocado con artistas como Ben. E. King o \u2018The Drifters\u2019, Crusher empez\u00f3 a derrochar blues con su guitarra acerc\u00e1ndose al R&amp;B, estilo que le encanta.<\/p>\n<p>Los reyes de la arm\u00f3nica se sub\u00edan al escenario,<strong> Kim Wilson, Paul Lamb, Jerry Portnoy y Rick Estrin<\/strong> dieron un recital de arm\u00f3nica espectacular. Los mejores armonicistas del momento juntos y en el escenario, una oportunidad \u00fanica.<\/p>\n<p>La simpat\u00eda en el escenario de<strong> Little Charlie &amp; The Nightcats<\/strong> se notaba encima de las tablas del escenario de la Plaza de Toros, interactuando con el p\u00fablico como pocos lo hacen, Rick Estrin se march\u00f3 de BluesCazorla con una gran ovaci\u00f3n y un extendido aplauso.<\/p>\n<p>Quedaba la \u00faltima actuaci\u00f3n de la noche a cargo de <strong>Big Dezz y Sax Gordon<\/strong>, un esplendido concierto instrumental que encant\u00f3 al p\u00fablico y que despidi\u00f3 la noche del viernes con buen sabor de boca.<\/p>\n<p>Si el viernes fue bueno el s\u00e1bado se reflejaba muy bien con algunas actuaciones estelares.<\/p>\n<p>Las Ruinas de Santa Mar\u00eda ya empezaban a sonar de la mano de<strong> \u2018Edu Big Hands\u2019<\/strong>, Edu Manazas, un virtuoso de la guitarra y espectacular con su blues, empez\u00f3 a deleitar al p\u00fablico con su m\u00fasica hasta el mediod\u00eda. <strong>\u2018Suitcase Brothers\u2019<\/strong> continuaba la marcha a ritmos de swing y rhythm blues. Para cerrar la edici\u00f3n de la ma\u00f1ana de este festival, nuestros amigos<strong> \u2018Txus Blues &amp; Jos\u00e9 Bluesfingers\u2019,<\/strong> un encanto escucharlos y como siempre entregados con el p\u00fablico, no pueden fallar en Cazorleans.<\/p>\n<p>Por la tarde, algo de ritmo para empezar con<strong> Juan Bourbon, Juan Street y Juan Beer<\/strong>, blues de calidad y con mucho ritmo para empezar la tarde.<\/p>\n<p><strong>Lito Blues Band<\/strong> continu\u00f3 con su blues especial, el que m\u00e1s gusta a los espectadores, buena m\u00fasica y buen ambiente que se palpaba en el escenario. Para cerrar, una banda que empezaba a sonar muy bien,<strong> \u2018King Bee\u2019<\/strong>, con una sensibilidad especial por el rhythm blues cerraron la tarde-noche blusera.<\/p>\n<p>El p\u00fablico expectante en la plaza de Toros para ver el concierto de <strong>\u2018Duke Robillard\u2019<\/strong>, un guitarrista con mucha historia, con 18 discos a sus espaldas y amante del blues, especialmente el de Texas y el Jump Blues sin dejar atr\u00e1s su especial Swing. Un comienzo espectacular que abr\u00eda boca y de qu\u00e9 manera el pr\u00f3ximo concierto.<\/p>\n<p>Era el turno de la gran estrella del festival<strong> \u2018Solomon Burke\u2019<\/strong>. \u2018Solomon Burke\u2019 es una persona muy especial. Tan especial que tuvo con el coraz\u00f3n en un pi\u00f1o a la organizaci\u00f3n los d\u00edas previos a su esperada actuaci\u00f3n en Cazorla. Es una estrella y lo tiene claro y el firmamento tiene caprichos que deben ser \u00f3rdenes. Hizo construir un trono especial para su actuaci\u00f3n. Cuatro docenas de rosas rojas sin espinas y con el tallo largo estaban situadas a ambos lados del escenario. Irrumpe su banda y deja claro que son virtuosos uno por uno y agrupados. Tras dos temas el obispo Solomon \u2013tiene su propia iglesia- aparece ataviado de rey, de \u201cking\u201d. Le acompa\u00f1a su hija, una de las veintiuno que tiene, que le seca el sudor de la frente con mimo filial. \u201cTengo un mensaje de esperanza y amor para todos vosotros\u201d. Comienza el espect\u00e1culo y opta por mostrar todos los cl\u00e1sicos del soul Otis Reding, Ray Charles, Sam Cooke, James Brown o Wilson Pickett. Despu\u00e9s se dirige al p\u00fablico, lo bendice y lo hace al escenario para bailar y regalarles las rosas y rosarios. Al final acaban sentados como en una ceremonia, en al que s\u00f3lo faltaba decir \u201calabado sea Dios\u201d. Y \u00e9l lo dice, seguido de un ritmo fren\u00e9tico con \u201cI Need your love in my life\u201d. Viento, coros, guitarra y espect\u00e1culo que agradece el p\u00fablico de una manera muy especial.<\/p>\n<p><strong>\u2018The Fabolous Thunderbirs\u2019<\/strong> eran los siguientes en actuar y dejaron el pabell\u00f3n bien alto, una gran banda con grandes m\u00fasicos. Guitarras, bajos, bater\u00edas, una mezcla de sonidos del blues m\u00e1s a\u00f1ejo hasta el m\u00e1s el\u00e9ctrico. Y es que escuchar a este elenco de artistas da gusto, <strong>Kim Wilson, Nick Curran, Kirk Fletcher, Gen Taylor, Ronnie James Weber<\/strong> y Jimi Bott dieron un recital de blues.<\/p>\n<p>La noche se cerr\u00f3 con los incombustibles<strong> \u2018Reyes del KO\u2019<\/strong>, Soul, funky, rock y rythm blues al servicio del espectador con el peque\u00f1o Costa como un gigante que dirige al p\u00fablico a su antojo. Es imposible no mover un pie al ritmo de su guitarra o de los soplidos de Marcos, que es capaz de fumar y soplar la arm\u00f3nica a la vez.<\/p>\n<p>[\/et_pb_testimonial][\/et_pb_column_inner][\/et_pb_row_inner][\/et_pb_column][\/et_pb_section][et_pb_section bb_built=\u00bb1&#8243; fullwidth=\u00bbon\u00bb specialty=\u00bboff\u00bb prev_background_color=\u00bb#000000&#8243; next_background_color=\u00bb#000000&#8243;][et_pb_fullwidth_slider _builder_version=\u00bb3.2.2&#8243; saved_tabs=\u00bball\u00bb][et_pb_slide _builder_version=\u00bb3.2.2&#8243; button_link=\u00bbhttps:\/\/www.ticketmaster.es\/event\/bluescazorla-festival-entradas\/15663?eventId=15663&amp;track=DiscoveryAPI&amp;camefrom=GLS%7CRiff+Producciones&amp;brand=base_mb_es\u00bb heading=\u00bbNO TE QUEDES SIN TU ABONO \u00bb button_text=\u00bbCOMPRAR ENTRADAS\u00bb background_color=\u00bb#aeaea2&#8243; use_background_color_gradient=\u00bboff\u00bb background_color_gradient_start=\u00bb#2b87da\u00bb background_color_gradient_end=\u00bb#29c4a9&#8243; background_color_gradient_type=\u00bblinear\u00bb background_color_gradient_direction=\u00bb180deg\u00bb background_color_gradient_direction_radial=\u00bbcenter\u00bb background_color_gradient_start_position=\u00bb0%\u00bb background_color_gradient_end_position=\u00bb100%\u00bb background_color_gradient_overlays_image=\u00bboff\u00bb parallax=\u00bboff\u00bb parallax_method=\u00bbon\u00bb background_size=\u00bbcover\u00bb background_position=\u00bbcenter\u00bb background_repeat=\u00bbno-repeat\u00bb background_blend=\u00bbnormal\u00bb allow_player_pause=\u00bboff\u00bb background_video_pause_outside_viewport=\u00bbon\u00bb use_bg_overlay=\u00bboff\u00bb use_text_overlay=\u00bboff\u00bb text_border_radius=\u00bb3&#8243; alignment=\u00bbcenter\u00bb child_filter_hue_rotate=\u00bb0deg\u00bb child_filter_saturate=\u00bb100%\u00bb child_filter_brightness=\u00bb100%\u00bb child_filter_contrast=\u00bb100%\u00bb child_filter_invert=\u00bb0%\u00bb child_filter_sepia=\u00bb0%\u00bb child_filter_opacity=\u00bb100%\u00bb child_filter_blur=\u00bb0px\u00bb child_mix_blend_mode=\u00bbnormal\u00bb background_layout=\u00bbdark\u00bb text_shadow_style=\u00bbnone\u00bb header_text_shadow_style=\u00bbnone\u00bb body_text_shadow_style=\u00bbnone\u00bb custom_button=\u00bboff\u00bb button_bg_use_color_gradient=\u00bboff\u00bb button_bg_color_gradient_overlays_image=\u00bboff\u00bb button_use_icon=\u00bbon\u00bb button_on_hover=\u00bbon\u00bb button_text_shadow_style=\u00bbnone\u00bb box_shadow_style_button=\u00bbnone\u00bb text_shadow_horizontal_length=\u00bb0em\u00bb text_shadow_vertical_length=\u00bb0em\u00bb text_shadow_blur_strength=\u00bb0em\u00bb header_text_shadow_horizontal_length=\u00bb0em\u00bb header_text_shadow_vertical_length=\u00bb0em\u00bb header_text_shadow_blur_strength=\u00bb0em\u00bb body_text_shadow_horizontal_length=\u00bb0em\u00bb body_text_shadow_vertical_length=\u00bb0em\u00bb body_text_shadow_blur_strength=\u00bb0em\u00bb button_text_shadow_horizontal_length=\u00bb0em\u00bb button_text_shadow_vertical_length=\u00bb0em\u00bb button_text_shadow_blur_strength=\u00bb0em\u00bb \/][\/et_pb_fullwidth_slider][\/et_pb_section][et_pb_section bb_built=\u00bb1&#8243; fullwidth=\u00bbon\u00bb specialty=\u00bboff\u00bb prev_background_color=\u00bb#000000&#8243;][et_pb_fullwidth_image src=\u00bbhttps:\/\/www.cazorla.es\/bluescazorla06\/wp-content\/uploads\/2019\/06\/Inferior3_2019.png\u00bb _builder_version=\u00bb3.2.2&#8243; saved_tabs=\u00bball\u00bb]<\/p>\n<p>&nbsp;<\/p>\n<p>[\/et_pb_fullwidth_image][\/et_pb_section]<\/p>\n","protected":false},"excerpt":{"rendered":"<p>[et_pb_section bb_built=\u00bb1&#8243; next_background_color=\u00bb#000000&#8243;][et_pb_row][et_pb_column type=\u00bb4_4&#8243;][et_pb_post_title _builder_version=\u00bb3.2.2&#8243; meta=\u00bboff\u00bb featured_image=\u00bboff\u00bb text_orientation=\u00bbcenter\u00bb \/][\/et_pb_column][\/et_pb_row][\/et_pb_section][et_pb_section bb_built=\u00bb1&#8243; fullwidth=\u00bboff\u00bb specialty=\u00bbon\u00bb prev_background_color=\u00bb#000000&#8243; _builder_version=\u00bb3.2.2&#8243; next_background_color=\u00bb#000000&#8243;][et_pb_column type=\u00bb1_2&#8243;][et_pb_image _builder_version=\u00bb3.2.2&#8243; src=\u00bbhttps:\/\/cazorla.es\/wp-content\/uploads\/2015\/06\/2006.jpg\u00bb align=\u00bbcenter\u00bb max_width=\u00bb85%\u00bb \/][et_pb_blurb _builder_version=\u00bb3.2.2&#8243; title=\u00bbSolomon Burke\u00bb image=\u00bbhttps:\/\/cazorla.es\/wp-content\/uploads\/2015\/06\/descarga-55.jpg\u00bb text_orientation=\u00bbcenter\u00bb header_level=\u00bbh6&#8243; header_text_color=\u00bb#000000&#8243; body_font=\u00bb||on||||||\u00bb \/][et_pb_blurb _builder_version=\u00bb3.2.2&#8243; title=\u00bbRick Estrin\u00bb image=\u00bbhttps:\/\/cazorla.es\/wp-content\/uploads\/2015\/06\/descarga-61.jpg\u00bb text_orientation=\u00bbcenter\u00bb header_level=\u00bbh6&#8243; header_text_color=\u00bb#000000&#8243; body_font=\u00bb||on||||||\u00bb \/][et_pb_blurb _builder_version=\u00bb3.2.2&#8243; title=\u00bbGuitar Crusher\u00bb image=\u00bbhttps:\/\/cazorla.es\/wp-content\/uploads\/2015\/06\/images-14.jpg\u00bb text_orientation=\u00bbcenter\u00bb header_level=\u00bbh6&#8243; header_text_color=\u00bb#000000&#8243; body_font=\u00bb||on||||||\u00bb \/][et_pb_blurb _builder_version=\u00bb3.2.2&#8243; title=\u00bbDuke Robillard\u00bb image=\u00bbhttps:\/\/cazorla.es\/wp-content\/uploads\/2015\/06\/duke-robillard.jpg\u00bb text_orientation=\u00bbcenter\u00bb header_level=\u00bbh6&#8243; header_text_color=\u00bb#000000&#8243; [&hellip;]<\/p>\n","protected":false},"author":2,"featured_media":0,"parent":0,"menu_order":0,"comment_status":"closed","ping_status":"closed","template":"","meta":{"_et_pb_use_builder":"on","_et_pb_old_content":"","_et_gb_content_width":"","footnotes":""},"_links":{"self":[{"href":"https:\/\/www.cazorla.es\/bluescazorla06\/wp-json\/wp\/v2\/pages\/3771"}],"collection":[{"href":"https:\/\/www.cazorla.es\/bluescazorla06\/wp-json\/wp\/v2\/pages"}],"about":[{"href":"https:\/\/www.cazorla.es\/bluescazorla06\/wp-json\/wp\/v2\/types\/page"}],"author":[{"embeddable":true,"href":"https:\/\/www.cazorla.es\/bluescazorla06\/wp-json\/wp\/v2\/users\/2"}],"replies":[{"embeddable":true,"href":"https:\/\/www.cazorla.es\/bluescazorla06\/wp-json\/wp\/v2\/comments?post=3771"}],"version-history":[{"count":6,"href":"https:\/\/www.cazorla.es\/bluescazorla06\/wp-json\/wp\/v2\/pages\/3771\/revisions"}],"predecessor-version":[{"id":4050,"href":"https:\/\/www.cazorla.es\/bluescazorla06\/wp-json\/wp\/v2\/pages\/3771\/revisions\/4050"}],"wp:attachment":[{"href":"https:\/\/www.cazorla.es\/bluescazorla06\/wp-json\/wp\/v2\/media?parent=3771"}],"curies":[{"name":"wp","href":"https:\/\/api.w.org\/{rel}","templated":true}]}}