{"id":3058,"date":"2019-06-06T06:58:40","date_gmt":"2019-06-06T06:58:40","guid":{"rendered":"http:\/\/www.cazorla.es\/bluescazorla06\/?page_id=3058"},"modified":"2019-07-04T08:37:55","modified_gmt":"2019-07-04T08:37:55","slug":"blues-band-de-granada","status":"publish","type":"page","link":"https:\/\/www.cazorla.es\/bluescazorla06\/blues-band-de-granada\/","title":{"rendered":"Blues Band de Granada"},"content":{"rendered":"<p>[et_pb_section fb_built=\u00bb1&#8243; _builder_version=\u00bb3.0.47&#8243;][et_pb_row _builder_version=\u00bb3.0.47&#8243; background_size=\u00bbinitial\u00bb background_position=\u00bbtop_left\u00bb background_repeat=\u00bbrepeat\u00bb][et_pb_column type=\u00bb1_2&#8243; _builder_version=\u00bb3.0.47&#8243; parallax=\u00bboff\u00bb parallax_method=\u00bbon\u00bb][et_pb_blurb title=\u00bbBlues Band de Granada\u00bb _builder_version=\u00bb3.2.2&#8243; text_orientation=\u00bbjustified\u00bb]<\/p>\n<p>La Blues Band de Granada es una legendaria formaci\u00f3n que celebr\u00f3 en 2016 su treinta aniversario praticando el mejor blues contra vientos y mareas. Antonio Valero y Pepe Castro, la sala de m\u00e1quinas de la secci\u00f3n r\u00edtmica a la bater\u00eda y el bajo, respectivamente; Estanis Peinado al piano y Jos\u00e9 Luis Pizarro a la guitarra el\u00e9ctrica; Agust\u00edn S\u00e1nchez, Gregorio Buend\u00eda y Rafa Mart\u00ednez, como la ardorosa secci\u00f3n de viento de saxo, trompeta y tromb\u00f3n, perfectamente engrasados, y coronando con su voz rotunda y su huracanado soplo de la arm\u00f3nica el sin par Pecos Beck.<\/p>\n<p> Tras algunos tramos en los que hubo idas y venidas, entradas y salidas de miembros que de alg\u00fan modo entorpecieron la evoluci\u00f3n de la banda, en este momento son ya muchos los a\u00f1os en que la misma formaci\u00f3n est\u00e1 asentada y en disposici\u00f3n de ofrecer la mejor versi\u00f3n de la Blues Band, ya que cuando se ponen a rocanrolear pocos pueden hacerles sombra, durante las tres \u00faltimas d\u00e9cadas y con un repertorio sin competencia, fruto de tantos a\u00f1os de actividad.<\/p>\n<p> La Blues Band de Granada son en gran parte los responsables de que el g\u00e9nero de los doce compases se haya mantenido vivo, activo y vigente en Granada y en toda Andaluc\u00eda durante los \u00faltimos treinta a\u00f1os. El virtuosismo de sus componentes como instrumentistas y del propio grupo como m\u00e1quina perfectamente engrasada para destilar blues de categor\u00eda, su conocimiento de los diversos estilos, el dominio de los patrones que los definen, y todo eso unido a la acertada selecci\u00f3n de repertorio que hist\u00f3ricamente ha presentado la Blues Band de Granada, hacen de ella un grupo imprescindible para explicar y para entender la m\u00fasica hecha en la ciudad de la Alhambra.<br \/> La Blues Band surge en 1986 cuando el cantante franco-alem\u00e1n Pecos Beck se une al tr\u00edo formado por el guitarra Joaqu\u00edn S\u00e1nchez, el bajista Pepe Chamorro y el bater\u00eda Antonio Valero para ofrecer sus primeras actuaciones. Poco despu\u00e9s se suman el guitarrista Ignacio S\u00e1nchez, Pepe Visedo a la flauta y el saxo y Estanis Peinado al piano y el teclado. Con esa formaci\u00f3n graban en 1990 su primer \u00e1lbum, \u201cEl Mejor Blues de la Ciudad\u201d para el sello antequerano Cambay\u00e1 Records.<br \/> Para el siguiente, \u201cNegro en Tierra de Blancos\u201d (Big Bang, 1992), David Lenker sustituye a Peinado a las teclas y las guitarras pasan a manos de Jos\u00e9 Luis Pizarro y Carlos Mart\u00edn. En este disco, recibido con un\u00e1nimes elogios por la cr\u00edtica, ya encontramos algunos de sus cl\u00e1sicos incontestables.<\/p>\n<p> En el 94 se produce la primera crisis y de una tacada abandonan la banda Beck, Mart\u00edn, Lenker, Chamorro y m\u00e1s tarde Visedo, siendo sustituidos, por la suiza Connie Resch como cantante principal, Joaqu\u00edn Caballero al bajo y Javier Avil\u00e9s a la guitarra y teclados. Esa formaci\u00f3n graba su tercer disco, \u201cLa Vida No Es F\u00e1cil\u201d (Big Bang, 1996), m\u00e1s abierto estil\u00edsticamente pero tal vez menos brillante, y tras los abandonos de Resch y Caballero, el grupo vuelve a reestructurarse con la incorporaci\u00f3n de Celia Mur a la voz y de Pepe Castro al bajo, y la vuelta de Pecos Beck y de Estanis Peinado.<br \/> As\u00ed afrontar\u00e1n sus siguientes trabajos, el celebrad\u00edsimo \u201cCuatro\u201d (Ambar, 2000), considerado su mejor disco, y el siguiente \u201cLlamando a Tu Puerta\u201d (Ambar, 2002). Con ambos el grupo ampl\u00eda su paleta estil\u00edstica y al rhythm&amp;blues de sus inicios incorpora elementos soul, y un contundente sonido jazz-rock que los emparenta con bandas de los setenta como Blood, Sweat &amp; Tears, con la incorporaci\u00f3n de una potente secci\u00f3n de metal.<\/p>\n<p>El grupo pasa entonces por su momento m\u00e1s dulce y se consolida con la formaci\u00f3n que ha llegado hasta hoy.<br \/> Vendr\u00edan despu\u00e9s sus experimentos junto a la OCG, el m\u00e1s criticado acompa\u00f1ando a Rosa L\u00f3pez, y finalmente la edici\u00f3n de la caja \u201c20 A\u00f1os No Son Nada\u201d (El Perro Andaluz, 2008) con todas su grabaciones hasta ese a\u00f1o. A\u00fan les quedaba un gran momento por vivir acompa\u00f1ando a Otis Grand, fruto de cuya colaboraci\u00f3n publicar\u00edan su \u00faltima referencia, el \u00e1lbum \u201cThe Grand Sessions\u201d (Riff Producciones, 2009).<br \/> Actualmente la Blues Band de Granada est\u00e1 formada por Beck, Pizarro, Peinado, Castro y Valero, completada con Agust\u00edn S\u00e1nchez al saxo, Gregorio Buend\u00eda a la trompeta y Rafa Mart\u00ednez al tromb\u00f3n, y con la suma de los coros de Ester Erenas y Mari Carmen Cerezo.<\/p>\n<p> Formaci\u00f3n actual:<br \/> &#8211; Pecos Beck (Voz y Arm\u00f3nica)<br \/> &#8211; J.L. Pizarro (Guitarra)<br \/> &#8211; Estanis Peinado (Piano)<br \/> &#8211; Pepe Castro (Bajo)<br \/> &#8211; Antonio Valero (Bater\u00eda)<br \/> &#8211; Agust\u00edn S\u00e1nchez (Saxo)<br \/> &#8211; Gregorio Buend\u00eda (Trompeta)<br \/> &#8211; Rafa Martinez (Tromb\u00f3n)<\/p>\n<p>[\/et_pb_blurb][\/et_pb_column][et_pb_column type=\u00bb1_2&#8243; _builder_version=\u00bb3.0.47&#8243; parallax=\u00bboff\u00bb parallax_method=\u00bbon\u00bb][et_pb_image src=\u00bbhttps:\/\/www.cazorla.es\/bluescazorla06\/wp-content\/uploads\/2019\/06\/63909680_10219408934720231_409464022878912512_o.jpg\u00bb _builder_version=\u00bb3.2.2&#8243;][\/et_pb_image][et_pb_code _builder_version=\u00bb3.2.2&#8243;]&lt;iframe width=&quot;560&quot; height=&quot;315&quot; src=&quot;https:\/\/www.youtube.com\/embed\/xxVW3ZLSqXg&quot; frameborder=&quot;0&quot; allow=&quot;accelerometer; autoplay; encrypted-media; gyroscope; picture-in-picture&quot; allowfullscreen&gt;&lt;\/iframe&gt;[\/et_pb_code][et_pb_social_media_follow _builder_version=\u00bb3.2.2&#8243;][et_pb_social_media_follow_network social_network=\u00bbfacebook\u00bb url=\u00bbhttps:\/\/www.facebook.com\/Granada-Blues-Band-275277267152\/\u00bb _builder_version=\u00bb3.2.2&#8243; background_color=\u00bb#3b5998&#8243; follow_button=\u00bboff\u00bb url_new_window=\u00bbon\u00bb] Facebook [\/et_pb_social_media_follow_network][et_pb_social_media_follow_network social_network=\u00bbyoutube\u00bb url=\u00bbhttps:\/\/www.youtube.com\/user\/GranadaBluesBand\u00bb _builder_version=\u00bb3.2.2&#8243; background_color=\u00bb#a82400&#8243; follow_button=\u00bboff\u00bb url_new_window=\u00bbon\u00bb] Youtube [\/et_pb_social_media_follow_network][\/et_pb_social_media_follow][\/et_pb_column][\/et_pb_row][\/et_pb_section][et_pb_section fb_built=\u00bb1&#8243; fullwidth=\u00bbon\u00bb _builder_version=\u00bb3.0.47&#8243;][et_pb_fullwidth_slider _builder_version=\u00bb3.2.2&#8243; saved_tabs=\u00bball\u00bb][et_pb_slide heading=\u00bbNO TE QUEDES SIN TU ABONO \u00bb button_text=\u00bbCOMPRAR ENTRADAS\u00bb button_link=\u00bbhttps:\/\/www.ticketmaster.es\/event\/bluescazorla-festival-entradas\/15663?eventId=15663&#038;track=DiscoveryAPI&#038;camefrom=GLS%7CRiff+Producciones&#038;brand=base_mb_es\u00bb use_bg_overlay=\u00bboff\u00bb use_text_overlay=\u00bboff\u00bb _builder_version=\u00bb3.2.2&#8243; background_color=\u00bb#aeaea2&#8243; button_on_hover=\u00bbon\u00bb][\/et_pb_slide][\/et_pb_fullwidth_slider][\/et_pb_section][et_pb_section fb_built=\u00bb1&#8243; fullwidth=\u00bbon\u00bb _builder_version=\u00bb3.0.47&#8243;][et_pb_fullwidth_image src=\u00bbhttps:\/\/www.cazorla.es\/bluescazorla06\/wp-content\/uploads\/2019\/06\/Inferior3_2019.png\u00bb _builder_version=\u00bb3.2.2&#8243; saved_tabs=\u00bball\u00bb]&nbsp;<br \/>\n[\/et_pb_fullwidth_image][\/et_pb_section]<\/p>\n","protected":false},"excerpt":{"rendered":"<p>[et_pb_section fb_built=\u00bb1&#8243; _builder_version=\u00bb3.0.47&#8243;][et_pb_row _builder_version=\u00bb3.0.47&#8243; background_size=\u00bbinitial\u00bb background_position=\u00bbtop_left\u00bb background_repeat=\u00bbrepeat\u00bb][et_pb_column type=\u00bb1_2&#8243; _builder_version=\u00bb3.0.47&#8243; parallax=\u00bboff\u00bb parallax_method=\u00bbon\u00bb][et_pb_blurb title=\u00bbBlues Band de Granada\u00bb _builder_version=\u00bb3.2.2&#8243; text_orientation=\u00bbjustified\u00bb] La Blues Band de Granada es una legendaria formaci\u00f3n que celebr\u00f3 en 2016 su treinta aniversario praticando el mejor blues contra vientos y mareas. Antonio Valero y Pepe Castro, la sala de m\u00e1quinas de la secci\u00f3n r\u00edtmica a [&hellip;]<\/p>\n","protected":false},"author":2,"featured_media":0,"parent":0,"menu_order":0,"comment_status":"closed","ping_status":"closed","template":"","meta":{"_et_pb_use_builder":"on","_et_pb_old_content":"","_et_gb_content_width":"","footnotes":""},"_links":{"self":[{"href":"https:\/\/www.cazorla.es\/bluescazorla06\/wp-json\/wp\/v2\/pages\/3058"}],"collection":[{"href":"https:\/\/www.cazorla.es\/bluescazorla06\/wp-json\/wp\/v2\/pages"}],"about":[{"href":"https:\/\/www.cazorla.es\/bluescazorla06\/wp-json\/wp\/v2\/types\/page"}],"author":[{"embeddable":true,"href":"https:\/\/www.cazorla.es\/bluescazorla06\/wp-json\/wp\/v2\/users\/2"}],"replies":[{"embeddable":true,"href":"https:\/\/www.cazorla.es\/bluescazorla06\/wp-json\/wp\/v2\/comments?post=3058"}],"version-history":[{"count":5,"href":"https:\/\/www.cazorla.es\/bluescazorla06\/wp-json\/wp\/v2\/pages\/3058\/revisions"}],"predecessor-version":[{"id":3655,"href":"https:\/\/www.cazorla.es\/bluescazorla06\/wp-json\/wp\/v2\/pages\/3058\/revisions\/3655"}],"wp:attachment":[{"href":"https:\/\/www.cazorla.es\/bluescazorla06\/wp-json\/wp\/v2\/media?parent=3058"}],"curies":[{"name":"wp","href":"https:\/\/api.w.org\/{rel}","templated":true}]}}