{"id":3040,"date":"2019-06-06T06:42:29","date_gmt":"2019-06-06T06:42:29","guid":{"rendered":"http:\/\/www.cazorla.es\/bluescazorla06\/?page_id=3040"},"modified":"2019-06-27T17:44:20","modified_gmt":"2019-06-27T17:44:20","slug":"caledonia-blues-band","status":"publish","type":"page","link":"https:\/\/www.cazorla.es\/bluescazorla06\/caledonia-blues-band\/","title":{"rendered":"Caledonia Blues Band"},"content":{"rendered":"<p>[et_pb_section bb_built=\u00bb1&#8243; fullwidth=\u00bboff\u00bb specialty=\u00bboff\u00bb next_background_color=\u00bb#000000&#8243;][et_pb_row][et_pb_column type=\u00bb1_2&#8243;][et_pb_blurb _builder_version=\u00bb3.2.2&#8243; title=\u00bbCaledonia Blues Band\u00bb text_orientation=\u00bbjustified\u00bb]<\/p>\n<p>Caledonia ha sido considerada por la cr\u00edtica especializada como una banda de leyenda dentro del blues nacional, fundada en 1986 recorrieron casi todo el territorio nacional, participando en numerosos festivales de Blues y Jazz durante casi los diez a\u00f1os que permanecieron juntos.<\/p>\n<p>En Julio de 1994 cruzaron el charco para tocar en Chicago, en los clubs Schubas Tavern y Buddy Guy\u2019s Legend, fue una experiencia inolvidable. En Noviembre de 1995 fueron la representaci\u00f3n espa\u00f1ola en las jornadas de Jazz de Celle (Hannover) en Alemania.<\/p>\n<p>Cabr\u00eda destacar los siguientes conciertos entre otros:<\/p>\n<p>\u2022 Teloneros de Johnny Mars (1er Festival de Blues Hospitalet de Llobregat, 1988)<\/p>\n<p>\u2022 Festival de Jazz de Tarrasa (mayo 1990)<\/p>\n<p>\u2022 Teloneros de Hubert Sumlin y Louisiana Red (3er Festival de Blues Ciutat de Cerdanyola, junio 1990)<\/p>\n<p>\u2022 II Festival de Blues de Getxo (agosto 1990)<\/p>\n<p>\u2022 1er Festival Villa de Madrid (San Juan Evangelista, febrero 1991)<\/p>\n<p>\u2022 Teloneros y banda de apoyo de Charlie Musselwhite en su concierto en Sevilla (12 abril 1992)<\/p>\n<p>\u2022 Teloneros de Johnny Winter durante su concierto en Sevilla (mayo 1993)<\/p>\n<p>\u2022 Teloneros de Magic Slim &amp; the Teardrops (Festival de Jazz de Granada, noviembre 1993)<\/p>\n<p>\u2022 Teloneros de Otish Rush en el 8\u00ba Festival de Blues de Cerdanyola (Mayo 1995)<\/p>\n<p>\u2022 Teloneros de nuevo de Otis Rush en el 1er Festival de Blues de Palma de Mallorca (Rebel &#8217;95), mayo 1995<\/p>\n<p>Como fruto de esos diez a\u00f1os de uni\u00f3n hay editado cinco trabajos.<\/p>\n<p>\u2022 Just Rythm &amp; Blues (Cambay\u00e1 records 1989)<\/p>\n<p>\u2022 Blues for The Mother (Cambay\u00e1 records 1990)<\/p>\n<p>\u2022 Caledonia Blues Band III (Cambay\u00e1 records 1991)<\/p>\n<p>\u2022 Alameda Sessions (Big Bang 1994)<\/p>\n<p>\u2022 Chicken Jump (Big Bang 1995)<\/p>\n<p>Tras su disoluci\u00f3n definitiva a finales del a\u00f1o 1995, por el regreso a Estados Unidos de Michael Lindner, cantante del grupo, cada miembro del grupo se involucrar\u00eda en proyectos musicales diferentes.<\/p>\n<p>En Julio del 2001, Carlos Espinosa, Director del Festival de Blues de Cazorla les propone reunirse de nuevo para un \u00fanico concierto, dicho concierto tiene un \u00e9xito rotundo, los componentes de Caledonia B.B. han madurado con el tiempo y el directo del grupo es demoledor, el concierto es grabado por Televisi\u00f3n espa\u00f1ola y retransmitido en Noviembre del 2003.<\/p>\n<p>Despu\u00e9s de este concierto, Caledonia Blues band se vuelve a reunir varias veces m\u00e1s, en el 2004 en Sevilla, en la sala Salvation , el \u00e9xito fue tal que el aforo de la sala bati\u00f3 un record hist\u00f3rico de lleno absoluto, luego en Febrero de 2005 en Sevilla en la sala Metropol-La Florida , tambi\u00e9n con un \u00e9xito clamoroso.<\/p>\n<p>M\u00e1s tarde en el 2012 se vuelve a reunir de nuevo con un aliciente especial, y es que se cumple el 25 aniversario de la banda, que comenz\u00f3 a actuar en el a\u00f1o 1987, tocan en \u201cEl Potaje Blues 2012\u201d en Guillena (Sevilla), en la sala Milwaukee, Puerto de Santa Mar\u00eda (C\u00e1diz), en el Pub Zeppelin, Puebla de Cazalla (Sevilla); terminando esta peque\u00f1a gira en la sala Habana (Huelva).<\/p>\n<p>&nbsp;<\/p>\n<p>[\/et_pb_blurb][\/et_pb_column][et_pb_column type=\u00bb1_2&#8243;][et_pb_image _builder_version=\u00bb3.2.2&#8243; src=\u00bbhttps:\/\/www.cazorla.es\/bluescazorla06\/wp-content\/uploads\/2019\/06\/CBB_5.jpg\u00bb \/][et_pb_code _builder_version=\u00bb3.2.2&#8243;]&lt;iframe width=\u00bb560&#8243; height=\u00bb315&#8243; src=\u00bbhttps:\/\/www.youtube.com\/embed\/CLksXnLRg0g\u00bb frameborder=\u00bb0&#8243; allow=\u00bbaccelerometer; autoplay; encrypted-media; gyroscope; picture-in-picture\u00bb allowfullscreen&gt;&lt;\/iframe&gt;[\/et_pb_code][et_pb_social_media_follow _builder_version=\u00bb3.2.2&#8243;][et_pb_social_media_follow_network _builder_version=\u00bb3.2.2&#8243; social_network=\u00bbfacebook\u00bb skype_action=\u00bbcall\u00bb url=\u00bbhttps:\/\/www.facebook.com\/caledoniabluesband\/\u00bb background_color=\u00bb#3b5998&#8243; use_background_color_gradient=\u00bboff\u00bb background_color_gradient_start=\u00bb#2b87da\u00bb background_color_gradient_end=\u00bb#29c4a9&#8243; background_color_gradient_type=\u00bblinear\u00bb background_color_gradient_direction=\u00bb180deg\u00bb background_color_gradient_direction_radial=\u00bbcenter\u00bb background_color_gradient_start_position=\u00bb0%\u00bb background_color_gradient_end_position=\u00bb100%\u00bb background_color_gradient_overlays_image=\u00bboff\u00bb parallax=\u00bboff\u00bb parallax_method=\u00bbon\u00bb background_size=\u00bbcover\u00bb background_position=\u00bbcenter\u00bb background_repeat=\u00bbno-repeat\u00bb background_blend=\u00bbnormal\u00bb allow_player_pause=\u00bboff\u00bb background_video_pause_outside_viewport=\u00bbon\u00bb box_shadow_style=\u00bbnone\u00bb] Facebook [\/et_pb_social_media_follow_network][et_pb_social_media_follow_network _builder_version=\u00bb3.2.2&#8243; social_network=\u00bbyoutube\u00bb skype_action=\u00bbcall\u00bb url=\u00bbhttps:\/\/www.youtube.com\/channel\/UCUgMmEBYwtG_OHvoq9wyjmw\u00bb background_color=\u00bb#a82400&#8243; use_background_color_gradient=\u00bboff\u00bb background_color_gradient_start=\u00bb#2b87da\u00bb background_color_gradient_end=\u00bb#29c4a9&#8243; background_color_gradient_type=\u00bblinear\u00bb background_color_gradient_direction=\u00bb180deg\u00bb background_color_gradient_direction_radial=\u00bbcenter\u00bb background_color_gradient_start_position=\u00bb0%\u00bb background_color_gradient_end_position=\u00bb100%\u00bb background_color_gradient_overlays_image=\u00bboff\u00bb parallax=\u00bboff\u00bb parallax_method=\u00bbon\u00bb background_size=\u00bbcover\u00bb background_position=\u00bbcenter\u00bb background_repeat=\u00bbno-repeat\u00bb background_blend=\u00bbnormal\u00bb allow_player_pause=\u00bboff\u00bb background_video_pause_outside_viewport=\u00bbon\u00bb box_shadow_style=\u00bbnone\u00bb] Youtube [\/et_pb_social_media_follow_network][\/et_pb_social_media_follow][\/et_pb_column][\/et_pb_row][\/et_pb_section][et_pb_section bb_built=\u00bb1&#8243; fullwidth=\u00bbon\u00bb specialty=\u00bboff\u00bb prev_background_color=\u00bb#000000&#8243; next_background_color=\u00bb#000000&#8243;][et_pb_fullwidth_slider _builder_version=\u00bb3.2.2&#8243; saved_tabs=\u00bball\u00bb][et_pb_slide _builder_version=\u00bb3.2.2&#8243; button_link=\u00bbhttps:\/\/www.ticketmaster.es\/event\/bluescazorla-festival-entradas\/15663?eventId=15663&amp;track=DiscoveryAPI&amp;camefrom=GLS%7CRiff+Producciones&amp;brand=base_mb_es\u00bb heading=\u00bbNO TE QUEDES SIN TU ABONO \u00bb button_text=\u00bbCOMPRAR ENTRADAS\u00bb background_color=\u00bb#aeaea2&#8243; use_background_color_gradient=\u00bboff\u00bb background_color_gradient_start=\u00bb#2b87da\u00bb background_color_gradient_end=\u00bb#29c4a9&#8243; background_color_gradient_type=\u00bblinear\u00bb background_color_gradient_direction=\u00bb180deg\u00bb background_color_gradient_direction_radial=\u00bbcenter\u00bb background_color_gradient_start_position=\u00bb0%\u00bb background_color_gradient_end_position=\u00bb100%\u00bb background_color_gradient_overlays_image=\u00bboff\u00bb parallax=\u00bboff\u00bb parallax_method=\u00bbon\u00bb background_size=\u00bbcover\u00bb background_position=\u00bbcenter\u00bb background_repeat=\u00bbno-repeat\u00bb background_blend=\u00bbnormal\u00bb allow_player_pause=\u00bboff\u00bb background_video_pause_outside_viewport=\u00bbon\u00bb use_bg_overlay=\u00bboff\u00bb use_text_overlay=\u00bboff\u00bb text_border_radius=\u00bb3&#8243; alignment=\u00bbcenter\u00bb child_filter_hue_rotate=\u00bb0deg\u00bb child_filter_saturate=\u00bb100%\u00bb child_filter_brightness=\u00bb100%\u00bb child_filter_contrast=\u00bb100%\u00bb child_filter_invert=\u00bb0%\u00bb child_filter_sepia=\u00bb0%\u00bb child_filter_opacity=\u00bb100%\u00bb child_filter_blur=\u00bb0px\u00bb child_mix_blend_mode=\u00bbnormal\u00bb background_layout=\u00bbdark\u00bb text_shadow_style=\u00bbnone\u00bb header_text_shadow_style=\u00bbnone\u00bb body_text_shadow_style=\u00bbnone\u00bb custom_button=\u00bboff\u00bb button_bg_use_color_gradient=\u00bboff\u00bb button_bg_color_gradient_overlays_image=\u00bboff\u00bb button_use_icon=\u00bbon\u00bb button_on_hover=\u00bbon\u00bb button_text_shadow_style=\u00bbnone\u00bb box_shadow_style_button=\u00bbnone\u00bb text_shadow_horizontal_length=\u00bb0em\u00bb text_shadow_vertical_length=\u00bb0em\u00bb text_shadow_blur_strength=\u00bb0em\u00bb header_text_shadow_horizontal_length=\u00bb0em\u00bb header_text_shadow_vertical_length=\u00bb0em\u00bb header_text_shadow_blur_strength=\u00bb0em\u00bb body_text_shadow_horizontal_length=\u00bb0em\u00bb body_text_shadow_vertical_length=\u00bb0em\u00bb body_text_shadow_blur_strength=\u00bb0em\u00bb button_text_shadow_horizontal_length=\u00bb0em\u00bb button_text_shadow_vertical_length=\u00bb0em\u00bb button_text_shadow_blur_strength=\u00bb0em\u00bb \/][\/et_pb_fullwidth_slider][\/et_pb_section][et_pb_section bb_built=\u00bb1&#8243; fullwidth=\u00bbon\u00bb specialty=\u00bboff\u00bb prev_background_color=\u00bb#000000&#8243;][et_pb_fullwidth_image src=\u00bbhttps:\/\/www.cazorla.es\/bluescazorla06\/wp-content\/uploads\/2019\/06\/Inferior3_2019.png\u00bb _builder_version=\u00bb3.2.2&#8243; saved_tabs=\u00bball\u00bb]<\/p>\n<p>&nbsp;<\/p>\n<p>[\/et_pb_fullwidth_image][\/et_pb_section]<\/p>\n","protected":false},"excerpt":{"rendered":"<p>[et_pb_section bb_built=\u00bb1&#8243; fullwidth=\u00bboff\u00bb specialty=\u00bboff\u00bb next_background_color=\u00bb#000000&#8243;][et_pb_row][et_pb_column type=\u00bb1_2&#8243;][et_pb_blurb _builder_version=\u00bb3.2.2&#8243; title=\u00bbCaledonia Blues Band\u00bb text_orientation=\u00bbjustified\u00bb] Caledonia ha sido considerada por la cr\u00edtica especializada como una banda de leyenda dentro del blues nacional, fundada en 1986 recorrieron casi todo el territorio nacional, participando en numerosos festivales de Blues y Jazz durante casi los diez a\u00f1os que permanecieron juntos. En Julio [&hellip;]<\/p>\n","protected":false},"author":2,"featured_media":0,"parent":0,"menu_order":0,"comment_status":"closed","ping_status":"closed","template":"","meta":{"_et_pb_use_builder":"on","_et_pb_old_content":"","_et_gb_content_width":"","footnotes":""},"_links":{"self":[{"href":"https:\/\/www.cazorla.es\/bluescazorla06\/wp-json\/wp\/v2\/pages\/3040"}],"collection":[{"href":"https:\/\/www.cazorla.es\/bluescazorla06\/wp-json\/wp\/v2\/pages"}],"about":[{"href":"https:\/\/www.cazorla.es\/bluescazorla06\/wp-json\/wp\/v2\/types\/page"}],"author":[{"embeddable":true,"href":"https:\/\/www.cazorla.es\/bluescazorla06\/wp-json\/wp\/v2\/users\/2"}],"replies":[{"embeddable":true,"href":"https:\/\/www.cazorla.es\/bluescazorla06\/wp-json\/wp\/v2\/comments?post=3040"}],"version-history":[{"count":7,"href":"https:\/\/www.cazorla.es\/bluescazorla06\/wp-json\/wp\/v2\/pages\/3040\/revisions"}],"predecessor-version":[{"id":3097,"href":"https:\/\/www.cazorla.es\/bluescazorla06\/wp-json\/wp\/v2\/pages\/3040\/revisions\/3097"}],"wp:attachment":[{"href":"https:\/\/www.cazorla.es\/bluescazorla06\/wp-json\/wp\/v2\/media?parent=3040"}],"curies":[{"name":"wp","href":"https:\/\/api.w.org\/{rel}","templated":true}]}}